Last updated on 2025-07-21 01:49:09 CEST.
Flavor | Version | Tinstall | Tcheck | Ttotal | Status | Flags |
---|---|---|---|---|---|---|
r-devel-linux-x86_64-debian-clang | 0.4-5 | 16.95 | 170.42 | 187.37 | NOTE | |
r-devel-linux-x86_64-debian-gcc | 0.4-5 | 9.19 | 115.07 | 124.26 | NOTE | |
r-devel-linux-x86_64-fedora-clang | 0.4-5 | 277.72 | OK | |||
r-devel-linux-x86_64-fedora-gcc | 0.4-5 | 277.01 | OK | |||
r-devel-windows-x86_64 | 0.4-5 | 16.00 | 165.00 | 181.00 | OK | |
r-patched-linux-x86_64 | 0.4-5 | 15.87 | 154.88 | 170.75 | OK | |
r-release-linux-x86_64 | 0.4-5 | 16.03 | 155.19 | 171.22 | OK | |
r-release-macos-arm64 | 0.4-5 | 84.00 | OK | |||
r-release-macos-x86_64 | 0.4-5 | 157.00 | OK | |||
r-release-windows-x86_64 | 0.4-5 | 13.00 | 161.00 | 174.00 | OK | |
r-oldrel-macos-arm64 | 0.4-5 | 83.00 | OK | |||
r-oldrel-macos-x86_64 | 0.4-5 | 122.00 | OK | |||
r-oldrel-windows-x86_64 | 0.4-5 | 20.00 | 211.00 | 231.00 | OK |
Version: 0.4-5
Check: CRAN incoming feasibility
Result: NOTE
Maintainer: ‘Simon Grund <simon.grund@uni-hamburg.de>’
No Authors@R field in DESCRIPTION.
Please add one, modifying
Authors@R: c(person(given = "Simon",
family = "Grund",
role = c("aut", "cre"),
email = "simon.grund@uni-hamburg.de"),
person(given = "Alexander",
family = "Robitzsch",
role = "aut"),
person(given = "Oliver",
family = "Luedtke",
role = "aut"))
as necessary.
Flavors: r-devel-linux-x86_64-debian-clang, r-devel-linux-x86_64-debian-gcc