CRAN Package Check Results for Package misclassGLM

Last updated on 2025-04-29 01:49:40 CEST.

Flavor Version Tinstall Tcheck Ttotal Status Flags
r-devel-linux-x86_64-debian-clang 0.3.5 10.00 72.65 82.65 NOTE
r-devel-linux-x86_64-debian-gcc 0.3.5 7.28 53.22 60.50 NOTE
r-devel-linux-x86_64-fedora-clang 0.3.5 137.03 OK
r-devel-linux-x86_64-fedora-gcc 0.3.5 128.07 OK
r-devel-windows-x86_64 0.3.5 13.00 81.00 94.00 NOTE
r-patched-linux-x86_64 0.3.5 11.70 67.32 79.02 NOTE
r-release-linux-x86_64 0.3.5 10.03 67.55 77.58 NOTE
r-release-macos-arm64 0.3.5 46.00 OK
r-release-macos-x86_64 0.3.5 67.00 OK
r-release-windows-x86_64 0.3.5 14.00 83.00 97.00 NOTE
r-oldrel-macos-arm64 0.3.5 38.00 OK
r-oldrel-macos-x86_64 0.3.5 53.00 OK
r-oldrel-windows-x86_64 0.3.5 19.00 100.00 119.00 OK

Check Details

Version: 0.3.5
Check: Rd cross-references
Result: NOTE Found the following Rd file(s) with Rd \link{} targets missing package anchors: misclassGLM.Rd: ucminf misclassMlogit.Rd: ucminf Please provide package anchors for all Rd \link{} targets not in the package itself and the base packages. Flavors: r-devel-linux-x86_64-debian-clang, r-devel-linux-x86_64-debian-gcc, r-devel-windows-x86_64, r-patched-linux-x86_64, r-release-linux-x86_64, r-release-windows-x86_64

Version: 0.3.5
Check: CRAN incoming feasibility
Result: NOTE Maintainer: ‘Stephan Dlugosz <stephan.dlugosz@googlemail.com>’ No Authors@R field in DESCRIPTION. Please add one, modifying Authors@R: person(given = "Stephan", family = "Dlugosz", role = c("aut", "cre"), email = "stephan.dlugosz@googlemail.com") as necessary. Flavor: r-devel-linux-x86_64-debian-gcc