CRAN Package Check Results for Package microbenchmark

Last updated on 2025-04-29 01:49:40 CEST.

Flavor Version Tinstall Tcheck Ttotal Status Flags
r-devel-linux-x86_64-debian-clang 1.5.0 5.21 39.07 44.28 OK
r-devel-linux-x86_64-debian-gcc 1.5.0 4.26 35.96 40.22 NOTE
r-devel-linux-x86_64-fedora-clang 1.5.0 69.98 OK
r-devel-linux-x86_64-fedora-gcc 1.5.0 71.61 OK
r-devel-windows-x86_64 1.5.0 10.00 65.00 75.00 OK
r-patched-linux-x86_64 1.5.0 4.52 38.67 43.19 OK
r-release-linux-x86_64 1.5.0 4.25 38.74 42.99 OK
r-release-macos-arm64 1.5.0 35.00 OK
r-release-macos-x86_64 1.5.0 56.00 OK
r-release-windows-x86_64 1.5.0 12.00 65.00 77.00 OK
r-oldrel-macos-arm64 1.5.0 32.00 OK
r-oldrel-macos-x86_64 1.5.0 96.00 OK
r-oldrel-windows-x86_64 1.5.0 9.00 71.00 80.00 OK

Check Details

Version: 1.5.0
Check: examples
Result: NOTE Examples with CPU (user + system) or elapsed time > 5s user system elapsed microbenchmark 3.881 0.158 5.693 Flavor: r-devel-linux-x86_64-debian-gcc