Last updated on 2025-02-22 00:49:52 CET.
Flavor | Version | Tinstall | Tcheck | Ttotal | Status | Flags |
---|---|---|---|---|---|---|
r-devel-linux-x86_64-debian-clang | 0.2.0 | 1.92 | 46.89 | 48.81 | NOTE | |
r-devel-linux-x86_64-debian-gcc | 0.2.0 | 1.76 | 35.02 | 36.78 | NOTE | |
r-devel-linux-x86_64-fedora-clang | 0.2.0 | 78.53 | NOTE | |||
r-devel-linux-x86_64-fedora-gcc | 0.2.0 | 96.16 | NOTE | |||
r-devel-macos-arm64 | 0.2.0 | 33.00 | OK | |||
r-devel-macos-x86_64 | 0.2.0 | 58.00 | NOTE | |||
r-devel-windows-x86_64 | 0.2.0 | 3.00 | 69.00 | 72.00 | NOTE | |
r-patched-linux-x86_64 | 0.2.0 | 2.29 | 45.06 | 47.35 | OK | |
r-release-linux-x86_64 | 0.2.0 | 2.05 | 44.72 | 46.77 | OK | |
r-release-macos-arm64 | 0.2.0 | 43.00 | OK | |||
r-release-macos-x86_64 | 0.2.0 | 66.00 | OK | |||
r-release-windows-x86_64 | 0.2.0 | 4.00 | 67.00 | 71.00 | OK | |
r-oldrel-macos-x86_64 | 0.2.0 | 62.00 | OK | |||
r-oldrel-windows-x86_64 | 0.2.0 | 4.00 | 68.00 | 72.00 | OK |
Version: 0.2.0
Check: DESCRIPTION meta-information
Result: NOTE
Missing dependency on R >= 4.1.0 because package code uses the pipe
|> or function shorthand \(...) syntax added in R 4.1.0.
File(s) using such syntax:
‘micer.R’
Flavors: r-devel-linux-x86_64-debian-clang, r-devel-linux-x86_64-debian-gcc, r-devel-linux-x86_64-fedora-clang, r-devel-linux-x86_64-fedora-gcc, r-devel-macos-x86_64, r-devel-windows-x86_64