CRAN Package Check Results for Package mgi.report.reader

Last updated on 2025-07-21 01:49:09 CEST.

Flavor Version Tinstall Tcheck Ttotal Status Flags
r-devel-linux-x86_64-debian-clang 0.1.3 4.90 42.66 47.56 NOTE
r-devel-linux-x86_64-debian-gcc 0.1.3 3.27 32.87 36.14 NOTE
r-devel-linux-x86_64-fedora-clang 0.1.3 78.12 NOTE
r-devel-linux-x86_64-fedora-gcc 0.1.3 74.29 NOTE
r-devel-windows-x86_64 0.1.3 7.00 60.00 67.00 NOTE
r-patched-linux-x86_64 0.1.3 5.53 38.25 43.78 NOTE
r-release-linux-x86_64 0.1.3 5.15 39.33 44.48 NOTE
r-release-macos-arm64 0.1.3 27.00 NOTE
r-release-macos-x86_64 0.1.3 43.00 NOTE
r-release-windows-x86_64 0.1.3 7.00 59.00 66.00 NOTE
r-oldrel-macos-arm64 0.1.3 28.00 OK
r-oldrel-macos-x86_64 0.1.3 56.00 OK
r-oldrel-windows-x86_64 0.1.3 9.00 70.00 79.00 OK

Check Details

Version: 0.1.3
Check: DESCRIPTION meta-information
Result: NOTE Missing dependency on R >= 4.2.0 because package code uses the pipe placeholder syntax added in R 4.2.0. File(s) using such syntax: ‘read_mgi_biotype_conflict_rpt.R’ Flavors: r-devel-linux-x86_64-debian-clang, r-devel-linux-x86_64-debian-gcc, r-devel-linux-x86_64-fedora-clang, r-devel-linux-x86_64-fedora-gcc, r-devel-windows-x86_64, r-patched-linux-x86_64, r-release-linux-x86_64, r-release-macos-arm64, r-release-macos-x86_64, r-release-windows-x86_64