Last updated on 2025-04-29 01:49:39 CEST.
Flavor | Version | Tinstall | Tcheck | Ttotal | Status | Flags |
---|---|---|---|---|---|---|
r-devel-linux-x86_64-debian-clang | 0.3.1 | 8.16 | 223.87 | 232.03 | OK | |
r-devel-linux-x86_64-debian-gcc | 0.3.1 | 5.68 | 168.92 | 174.60 | NOTE | |
r-devel-linux-x86_64-fedora-clang | 0.3.1 | 325.83 | OK | |||
r-devel-linux-x86_64-fedora-gcc | 0.3.1 | 332.59 | OK | |||
r-devel-windows-x86_64 | 0.3.1 | 10.00 | 143.00 | 153.00 | OK | |
r-patched-linux-x86_64 | 0.3.1 | 7.42 | 221.02 | 228.44 | OK | |
r-release-linux-x86_64 | 0.3.1 | 7.54 | 222.26 | 229.80 | OK | |
r-release-macos-arm64 | 0.3.1 | 72.00 | OK | |||
r-release-macos-x86_64 | 0.3.1 | 127.00 | OK | |||
r-release-windows-x86_64 | 0.3.1 | 11.00 | 138.00 | 149.00 | OK | |
r-oldrel-macos-arm64 | 0.3.1 | 66.00 | OK | |||
r-oldrel-macos-x86_64 | 0.3.1 | 103.00 | OK | |||
r-oldrel-windows-x86_64 | 0.3.1 | 13.00 | 183.00 | 196.00 | OK |
Version: 0.3.1
Check: examples
Result: NOTE
Examples with CPU (user + system) or elapsed time > 5s
user system elapsed
viz_forest 3.157 0.284 5.198
Flavor: r-devel-linux-x86_64-debian-gcc