CRAN Package Check Results for Package metaprotr

Last updated on 2025-07-21 01:49:08 CEST.

Flavor Version Tinstall Tcheck Ttotal Status Flags
r-devel-linux-x86_64-debian-clang 1.2.2 10.04 64.85 74.89 OK
r-devel-linux-x86_64-debian-gcc 1.2.2 6.40 44.53 50.93 OK
r-devel-linux-x86_64-fedora-clang 1.2.2 116.92 NOTE
r-devel-linux-x86_64-fedora-gcc 1.2.2 111.16 NOTE
r-devel-windows-x86_64 1.2.2 11.00 74.00 85.00 OK
r-patched-linux-x86_64 1.2.2 10.75 58.82 69.57 OK
r-release-linux-x86_64 1.2.2 8.14 60.63 68.77 OK
r-release-macos-arm64 1.2.2 33.00 OK
r-release-macos-x86_64 1.2.2 56.00 OK
r-release-windows-x86_64 1.2.2 11.00 76.00 87.00 OK
r-oldrel-macos-arm64 1.2.2 33.00 OK
r-oldrel-macos-x86_64 1.2.2 47.00 OK
r-oldrel-windows-x86_64 1.2.2 16.00 94.00 110.00 OK

Check Details

Version: 1.2.2
Check: dependencies in R code
Result: NOTE Namespaces in Imports field not imported from: ‘ade4’ ‘dendextend’ ‘ggforce’ ‘ggrepel’ ‘stringr’ ‘tidyverse’ All declared Imports should be used. Flavors: r-devel-linux-x86_64-fedora-clang, r-devel-linux-x86_64-fedora-gcc