Last updated on 2025-07-19 13:50:17 CEST.
Flavor | Version | Tinstall | Tcheck | Ttotal | Status | Flags |
---|---|---|---|---|---|---|
r-devel-linux-x86_64-debian-clang | 1.2 | 12.07 | 157.83 | 169.90 | OK | |
r-devel-linux-x86_64-debian-gcc | 1.2 | 8.92 | 113.54 | 122.46 | OK | |
r-devel-linux-x86_64-fedora-clang | 1.2 | 278.51 | NOTE | |||
r-devel-linux-x86_64-fedora-gcc | 1.2 | 278.54 | NOTE | |||
r-devel-windows-x86_64 | 1.2 | 13.00 | 156.00 | 169.00 | OK | |
r-patched-linux-x86_64 | 1.2 | 12.92 | 147.59 | 160.51 | OK | |
r-release-linux-x86_64 | 1.2 | 12.48 | 148.08 | 160.56 | OK | |
r-release-macos-arm64 | 1.2 | 75.00 | OK | |||
r-release-macos-x86_64 | 1.2 | 140.00 | OK | |||
r-release-windows-x86_64 | 1.2 | 13.00 | 153.00 | 166.00 | OK | |
r-oldrel-macos-arm64 | 1.2 | 76.00 | OK | |||
r-oldrel-macos-x86_64 | 1.2 | 112.00 | OK | |||
r-oldrel-windows-x86_64 | 1.2 | 18.00 | 204.00 | 222.00 | OK |
Version: 1.2
Check: dependencies in R code
Result: NOTE
Namespace in Imports field not imported from: ‘lmerTest’
All declared Imports should be used.
Flavors: r-devel-linux-x86_64-fedora-clang, r-devel-linux-x86_64-fedora-gcc