Last updated on 2024-06-30 00:59:18 CEST.
Flavor | Version | Tinstall | Tcheck | Ttotal | Status | Flags |
---|---|---|---|---|---|---|
r-devel-linux-x86_64-debian-clang | 1.0.0 | 18.15 | 145.67 | 163.82 | NOTE | |
r-devel-linux-x86_64-debian-gcc | 1.0.0 | 11.71 | 108.35 | 120.06 | NOTE | |
r-devel-linux-x86_64-fedora-clang | 1.0.0 | 208.05 | NOTE | |||
r-devel-linux-x86_64-fedora-gcc | 1.0.0 | 205.69 | NOTE | |||
r-devel-windows-x86_64 | 1.0.0 | 15.00 | 117.00 | 132.00 | NOTE | |
r-patched-linux-x86_64 | 1.0.0 | 10.16 | 141.87 | 152.03 | NOTE | |
r-release-linux-x86_64 | 1.0.0 | 11.15 | 141.41 | 152.56 | NOTE | |
r-release-macos-arm64 | 1.0.0 | 65.00 | NOTE | |||
r-release-macos-x86_64 | 1.0.0 | 117.00 | NOTE | |||
r-release-windows-x86_64 | 1.0.0 | 15.00 | 118.00 | 133.00 | NOTE | |
r-oldrel-macos-arm64 | 1.0.0 | 72.00 | NOTE | |||
r-oldrel-macos-x86_64 | 1.0.0 | 110.00 | NOTE | |||
r-oldrel-windows-x86_64 | 1.0.0 | 20.00 | 145.00 | 165.00 | NOTE |
Version: 1.0.0
Check: package subdirectories
Result: NOTE
Problems with news in ‘NEWS.md’:
No news entries found.
Flavors: r-devel-linux-x86_64-debian-clang, r-devel-linux-x86_64-debian-gcc, r-devel-linux-x86_64-fedora-clang, r-devel-linux-x86_64-fedora-gcc, r-devel-windows-x86_64, r-patched-linux-x86_64, r-release-linux-x86_64, r-release-macos-arm64, r-release-macos-x86_64, r-release-windows-x86_64, r-oldrel-macos-arm64, r-oldrel-macos-x86_64, r-oldrel-windows-x86_64