Last updated on 2025-05-19 01:49:59 CEST.
Flavor | Version | Tinstall | Tcheck | Ttotal | Status | Flags |
---|---|---|---|---|---|---|
r-devel-linux-x86_64-debian-clang | 0.4.3 | 29.49 | 91.25 | 120.74 | NOTE | |
r-devel-linux-x86_64-debian-gcc | 0.4.3 | 20.30 | 66.36 | 86.66 | NOTE | |
r-devel-linux-x86_64-fedora-clang | 0.4.3 | 202.97 | OK | |||
r-devel-linux-x86_64-fedora-gcc | 0.4.3 | 193.80 | OK | |||
r-devel-windows-x86_64 | 0.4.3 | 34.00 | 121.00 | 155.00 | OK | |
r-patched-linux-x86_64 | 0.4.3 | 27.45 | 86.84 | 114.29 | OK | |
r-release-linux-x86_64 | 0.4.3 | 26.72 | 86.22 | 112.94 | OK | |
r-release-macos-arm64 | 0.4.3 | 48.00 | OK | |||
r-release-macos-x86_64 | 0.4.3 | 89.00 | OK | |||
r-release-windows-x86_64 | 0.4.3 | 35.00 | 122.00 | 157.00 | OK | |
r-oldrel-macos-arm64 | 0.4.3 | 49.00 | OK | |||
r-oldrel-macos-x86_64 | 0.4.3 | 76.00 | OK | |||
r-oldrel-windows-x86_64 | 0.4.3 | 42.00 | 140.00 | 182.00 | OK |
Version: 0.4.3
Check: CRAN incoming feasibility
Result: NOTE
Maintainer: ‘Karsten Donnay <kdonnay@gmx.net>’
No Authors@R field in DESCRIPTION.
Please add one, modifying
Authors@R: c(person(given = "Karsten",
family = "Donnay",
role = c("aut", "cre"),
email = "kdonnay@gmx.net"),
person(given = "Eric",
family = "Dunford",
role = "aut"))
as necessary.
Flavors: r-devel-linux-x86_64-debian-clang, r-devel-linux-x86_64-debian-gcc