Last updated on 2025-05-19 01:49:59 CEST.
Flavor | Version | Tinstall | Tcheck | Ttotal | Status | Flags |
---|---|---|---|---|---|---|
r-devel-linux-x86_64-debian-clang | 0.2.1 | 5.11 | 34.73 | 39.84 | NOTE | |
r-devel-linux-x86_64-debian-gcc | 0.2.1 | 3.41 | 28.20 | 31.61 | NOTE | |
r-devel-linux-x86_64-fedora-clang | 0.2.1 | 63.82 | NOTE | |||
r-devel-linux-x86_64-fedora-gcc | 0.2.1 | 75.89 | NOTE | |||
r-devel-windows-x86_64 | 0.2.1 | 6.00 | 70.00 | 76.00 | NOTE | |
r-patched-linux-x86_64 | 0.2.1 | 5.10 | 33.55 | 38.65 | NOTE | |
r-release-linux-x86_64 | 0.2.1 | 4.56 | 34.08 | 38.64 | NOTE | |
r-release-macos-arm64 | 0.2.1 | 73.00 | NOTE | |||
r-release-macos-x86_64 | 0.2.1 | 59.00 | NOTE | |||
r-release-windows-x86_64 | 0.2.1 | 6.00 | 66.00 | 72.00 | NOTE | |
r-oldrel-macos-arm64 | 0.2.1 | 29.00 | NOTE | |||
r-oldrel-macos-x86_64 | 0.2.1 | 45.00 | NOTE | |||
r-oldrel-windows-x86_64 | 0.2.1 | 6.00 | 66.00 | 72.00 | NOTE |
Version: 0.2.1
Check: Rd files
Result: NOTE
checkRd: (-1) hospiceALPHA.Rd:9: Lost braces in \itemize; meant \describe ?
checkRd: (-1) hospiceALPHA.Rd:10: Lost braces in \itemize; meant \describe ?
checkRd: (-1) hospiceALPHA.Rd:11: Lost braces in \itemize; meant \describe ?
checkRd: (-1) hospiceALPHA.Rd:12: Lost braces in \itemize; meant \describe ?
checkRd: (-1) hospiceALPHA.Rd:13: Lost braces in \itemize; meant \describe ?
checkRd: (-1) hospiceNMRC.Rd:9: Lost braces in \itemize; meant \describe ?
checkRd: (-1) hospiceNMRC.Rd:10: Lost braces in \itemize; meant \describe ?
checkRd: (-1) hospiceNMRC.Rd:11: Lost braces in \itemize; meant \describe ?
checkRd: (-1) hospiceNMRC.Rd:12: Lost braces in \itemize; meant \describe ?
checkRd: (-1) hospiceNMRC.Rd:13: Lost braces in \itemize; meant \describe ?
checkRd: (-1) hospiceRPT.Rd:9: Lost braces in \itemize; meant \describe ?
checkRd: (-1) hospiceRPT.Rd:10: Lost braces in \itemize; meant \describe ?
checkRd: (-1) hospiceRPT.Rd:11: Lost braces in \itemize; meant \describe ?
checkRd: (-1) hospiceRPT.Rd:12: Lost braces in \itemize; meant \describe ?
checkRd: (-1) hospiceRPT.Rd:13: Lost braces in \itemize; meant \describe ?
checkRd: (-1) hospiceRPT.Rd:14: Lost braces in \itemize; meant \describe ?
checkRd: (-1) hospiceRPT.Rd:15: Lost braces in \itemize; meant \describe ?
checkRd: (-1) hospiceRPT.Rd:16: Lost braces in \itemize; meant \describe ?
checkRd: (-1) hospiceRPT.Rd:17: Lost braces in \itemize; meant \describe ?
checkRd: (-1) hospiceRPT.Rd:18: Lost braces in \itemize; meant \describe ?
checkRd: (-1) hospiceRPT.Rd:19: Lost braces in \itemize; meant \describe ?
checkRd: (-1) hospiceRPT.Rd:20: Lost braces in \itemize; meant \describe ?
checkRd: (-1) hospiceRPT.Rd:21: Lost braces in \itemize; meant \describe ?
checkRd: (-1) hospiceRPT.Rd:22: Lost braces in \itemize; meant \describe ?
checkRd: (-1) hospiceRPT.Rd:23: Lost braces in \itemize; meant \describe ?
checkRd: (-1) hospiceRPT.Rd:24: Lost braces in \itemize; meant \describe ?
checkRd: (-1) hospiceRPT.Rd:25: Lost braces in \itemize; meant \describe ?
checkRd: (-1) hospiceRPT.Rd:26: Lost braces in \itemize; meant \describe ?
Flavors: r-devel-linux-x86_64-debian-clang, r-devel-linux-x86_64-debian-gcc, r-devel-linux-x86_64-fedora-clang, r-devel-linux-x86_64-fedora-gcc, r-devel-windows-x86_64, r-patched-linux-x86_64, r-release-linux-x86_64, r-release-macos-arm64, r-release-macos-x86_64, r-release-windows-x86_64, r-oldrel-macos-arm64, r-oldrel-macos-x86_64, r-oldrel-windows-x86_64