CRAN Package Check Results for Package mdsOpt

Last updated on 2025-04-29 13:51:30 CEST.

Flavor Version Tinstall Tcheck Ttotal Status Flags
r-devel-linux-x86_64-debian-clang 0.7-6 22.74 192.31 215.05 NOTE
r-devel-linux-x86_64-debian-gcc 0.7-6 19.45 143.24 162.69 NOTE
r-devel-linux-x86_64-fedora-clang 0.7-6 352.40 OK
r-devel-linux-x86_64-fedora-gcc 0.7-6 353.69 OK
r-devel-windows-x86_64 0.7-6 25.00 202.00 227.00 NOTE
r-patched-linux-x86_64 0.7-6 23.09 184.53 207.62 NOTE
r-release-linux-x86_64 0.7-6 20.69 182.11 202.80 NOTE
r-release-macos-arm64 0.7-6 97.00 OK
r-release-macos-x86_64 0.7-6 176.00 OK
r-release-windows-x86_64 0.7-6 25.00 203.00 228.00 NOTE
r-oldrel-macos-arm64 0.7-6 92.00 OK
r-oldrel-macos-x86_64 0.7-6 138.00 OK
r-oldrel-windows-x86_64 0.7-6 30.00 245.00 275.00 OK

Check Details

Version: 0.7-6
Check: Rd cross-references
Result: NOTE Found the following Rd file(s) with Rd \link{} targets missing package anchors: findOptimalSmacofSym.rd: data.Normalization, dist.GDM, smacofSym optSmacofSymInterval.rd: data.Normalization, interval_normalization, dist.Symbolic, smacofSym optSmacofSym_mMDS.rd: data.Normalization, dist.GDM, smacofSym optSmacofSym_nMDS.rd: data.Normalization, dist.GDM, smacofSym rotation2dAnimation.rd: ani.options, im.convert, saveGIF, saveHTML, saveLatex, saveSWF Please provide package anchors for all Rd \link{} targets not in the package itself and the base packages. Flavors: r-devel-linux-x86_64-debian-clang, r-devel-linux-x86_64-debian-gcc, r-devel-windows-x86_64, r-patched-linux-x86_64, r-release-linux-x86_64, r-release-windows-x86_64