CRAN Package Check Results for Package md.log

Last updated on 2025-07-20 12:49:29 CEST.

Flavor Version Tinstall Tcheck Ttotal Status Flags
r-devel-linux-x86_64-debian-clang 0.2.0 1.63 19.00 20.63 NOTE
r-devel-linux-x86_64-debian-gcc 0.2.0 1.38 16.70 18.08 NOTE
r-devel-linux-x86_64-fedora-clang 0.2.0 29.57 OK
r-devel-linux-x86_64-fedora-gcc 0.2.0 27.82 OK
r-devel-windows-x86_64 0.2.0 3.00 39.00 42.00 OK
r-patched-linux-x86_64 0.2.0 1.75 16.61 18.36 OK
r-release-linux-x86_64 0.2.0 1.71 16.41 18.12 OK
r-release-macos-arm64 0.2.0 15.00 OK
r-release-macos-x86_64 0.2.0 23.00 OK
r-release-windows-x86_64 0.2.0 3.00 39.00 42.00 OK
r-oldrel-macos-arm64 0.2.0 14.00 OK
r-oldrel-macos-x86_64 0.2.0 21.00 OK
r-oldrel-windows-x86_64 0.2.0 4.00 42.00 46.00 OK

Check Details

Version: 0.2.0
Check: CRAN incoming feasibility
Result: NOTE Maintainer: ‘E. F. Haghish <haghish@uio.no>’ No Authors@R field in DESCRIPTION. Please add one, modifying Authors@R: person(given = c("E.", "F."), family = "Haghish", role = c("aut", "cre"), email = "haghish@uio.no") as necessary. Flavors: r-devel-linux-x86_64-debian-clang, r-devel-linux-x86_64-debian-gcc