CRAN Package Check Results for Package mcmsupply

Last updated on 2025-07-21 01:49:08 CEST.

Flavor Version Tinstall Tcheck Ttotal Status Flags
r-devel-linux-x86_64-debian-clang 1.1.1 9.58 116.65 126.23 NOTE
r-devel-linux-x86_64-debian-gcc 1.1.1 6.63 79.99 86.62 NOTE
r-devel-linux-x86_64-fedora-clang 1.1.1 201.48 OK
r-devel-linux-x86_64-fedora-gcc 1.1.1 311.96 OK
r-devel-windows-x86_64 1.1.1 12.00 124.00 136.00 OK
r-patched-linux-x86_64 1.1.1 10.88 110.45 121.33 OK
r-release-linux-x86_64 1.1.1 8.63 110.95 119.58 OK
r-release-macos-arm64 1.1.1 124.00 OK
r-release-macos-x86_64 1.1.1 226.00 OK
r-release-windows-x86_64 1.1.1 12.00 121.00 133.00 OK
r-oldrel-macos-arm64 1.1.1 99.00 OK
r-oldrel-macos-x86_64 1.1.1 194.00 OK
r-oldrel-windows-x86_64 1.1.1 16.00 155.00 171.00 OK

Check Details

Version: 1.1.1
Check: CRAN incoming feasibility
Result: NOTE Maintainer: ‘Hannah Comiskey <hannah.comiskey.2015@mumail.ie>’ The Description field contains <arXiv:2212.03844>. Please refer to arXiv e-prints via their arXiv DOI <doi:10.48550/arXiv.YYMM.NNNNN>. Flavors: r-devel-linux-x86_64-debian-clang, r-devel-linux-x86_64-debian-gcc