Last updated on 2025-04-29 13:51:30 CEST.
Flavor | Version | Tinstall | Tcheck | Ttotal | Status | Flags |
---|---|---|---|---|---|---|
r-devel-linux-x86_64-debian-clang | 0.2.0 | 4.12 | 146.55 | 150.67 | NOTE | |
r-devel-linux-x86_64-debian-gcc | 0.2.0 | 2.80 | 98.24 | 101.04 | NOTE | |
r-devel-linux-x86_64-fedora-clang | 0.2.0 | 240.84 | OK | |||
r-devel-linux-x86_64-fedora-gcc | 0.2.0 | 222.20 | OK | |||
r-devel-windows-x86_64 | 0.2.0 | 3.00 | 166.00 | 169.00 | OK | |
r-patched-linux-x86_64 | 0.2.0 | 4.87 | 139.03 | 143.90 | OK | |
r-release-linux-x86_64 | 0.2.0 | 2.56 | 137.85 | 140.41 | OK | |
r-release-macos-arm64 | 0.2.0 | 90.00 | OK | |||
r-release-macos-x86_64 | 0.2.0 | 209.00 | OK | |||
r-release-windows-x86_64 | 0.2.0 | 5.00 | 168.00 | 173.00 | OK | |
r-oldrel-macos-arm64 | 0.2.0 | 77.00 | OK | |||
r-oldrel-macos-x86_64 | 0.2.0 | 129.00 | OK | |||
r-oldrel-windows-x86_64 | 0.2.0 | 4.00 | 205.00 | 209.00 | OK |
Version: 0.2.0
Check: CRAN incoming feasibility
Result: NOTE
Maintainer: ‘Steven E. Pav <shabbychef@gmail.com>’
Package CITATION file contains call(s) to old-style citEntry(). Please
use bibentry() instead.
Flavors: r-devel-linux-x86_64-debian-clang, r-devel-linux-x86_64-debian-gcc
Version: 0.2.0
Check: examples
Result: NOTE
Examples with CPU (user + system) or elapsed time > 5s
user system elapsed
hexagon_maze 4.487 0.007 5.861
hexaflake_maze 3.610 0.000 5.080
Flavor: r-devel-linux-x86_64-debian-clang