Last updated on 2025-04-29 01:49:39 CEST.
Flavor | Version | Tinstall | Tcheck | Ttotal | Status | Flags |
---|---|---|---|---|---|---|
r-devel-linux-x86_64-debian-clang | 0.1.0 | 4.20 | 39.14 | 43.34 | OK | |
r-devel-linux-x86_64-debian-gcc | 0.1.0 | 3.50 | 29.58 | 33.08 | NOTE | |
r-devel-linux-x86_64-fedora-clang | 0.1.0 | 68.87 | OK | |||
r-devel-linux-x86_64-fedora-gcc | 0.1.0 | 65.39 | OK | |||
r-devel-windows-x86_64 | 0.1.0 | 6.00 | 55.00 | 61.00 | OK | |
r-patched-linux-x86_64 | 0.1.0 | 4.45 | 37.03 | 41.48 | OK | |
r-release-linux-x86_64 | 0.1.0 | 4.08 | 38.00 | 42.08 | OK | |
r-release-macos-arm64 | 0.1.0 | 22.00 | OK | |||
r-release-macos-x86_64 | 0.1.0 | 40.00 | OK | |||
r-release-windows-x86_64 | 0.1.0 | 7.00 | 66.00 | 73.00 | OK | |
r-oldrel-macos-arm64 | 0.1.0 | 24.00 | OK | |||
r-oldrel-macos-x86_64 | 0.1.0 | 38.00 | OK | |||
r-oldrel-windows-x86_64 | 0.1.0 | 8.00 | 64.00 | 72.00 | OK |
Version: 0.1.0
Check: examples
Result: NOTE
Examples with CPU (user + system) or elapsed time > 5s
user system elapsed
max_altall 3.458 0.096 5.042
Flavor: r-devel-linux-x86_64-debian-gcc