Last updated on 2024-06-30 00:59:18 CEST.
Flavor | Version | Tinstall | Tcheck | Ttotal | Status | Flags |
---|---|---|---|---|---|---|
r-devel-linux-x86_64-debian-clang | 0.1.2 | 6.84 | 72.65 | 79.49 | NOTE | |
r-devel-linux-x86_64-debian-gcc | 0.1.2 | 5.58 | 55.27 | 60.85 | NOTE | |
r-devel-linux-x86_64-fedora-clang | 0.1.2 | 102.73 | NOTE | |||
r-devel-linux-x86_64-fedora-gcc | 0.1.2 | 109.31 | NOTE | |||
r-devel-windows-x86_64 | 0.1.2 | 8.00 | 75.00 | 83.00 | OK | |
r-patched-linux-x86_64 | 0.1.2 | 5.43 | 71.95 | 77.38 | NOTE | |
r-release-linux-x86_64 | 0.1.2 | 6.19 | 72.16 | 78.35 | NOTE | |
r-release-macos-arm64 | 0.1.2 | 38.00 | OK | |||
r-release-macos-x86_64 | 0.1.2 | 61.00 | OK | |||
r-release-windows-x86_64 | 0.1.2 | 8.00 | 76.00 | 84.00 | OK | |
r-oldrel-macos-arm64 | 0.1.2 | 40.00 | OK | |||
r-oldrel-macos-x86_64 | 0.1.2 | 54.00 | OK | |||
r-oldrel-windows-x86_64 | 0.1.2 | 10.00 | 85.00 | 95.00 | OK |
Version: 0.1.2
Check: for non-standard things in the check directory
Result: NOTE
Found the following files/directories:
‘utilities.R’
Flavors: r-devel-linux-x86_64-debian-clang, r-devel-linux-x86_64-debian-gcc, r-devel-linux-x86_64-fedora-clang, r-devel-linux-x86_64-fedora-gcc, r-patched-linux-x86_64, r-release-linux-x86_64