Last updated on 2025-04-29 01:49:39 CEST.
Flavor | Version | Tinstall | Tcheck | Ttotal | Status | Flags |
---|---|---|---|---|---|---|
r-devel-linux-x86_64-debian-clang | 1.0.4.1 | 3.65 | 120.35 | 124.00 | OK | |
r-devel-linux-x86_64-debian-gcc | 1.0.4.1 | 2.69 | 63.57 | 66.26 | NOTE | |
r-devel-linux-x86_64-fedora-clang | 1.0.4.1 | 217.08 | OK | |||
r-devel-linux-x86_64-fedora-gcc | 1.0.4.1 | 213.62 | OK | |||
r-devel-windows-x86_64 | 1.0.4.1 | 4.00 | 183.00 | 187.00 | OK | |
r-patched-linux-x86_64 | 1.0.4.1 | 3.95 | 127.76 | 131.71 | OK | |
r-release-linux-x86_64 | 1.0.4.1 | 3.43 | 111.45 | 114.88 | OK | |
r-release-macos-arm64 | 1.0.4.1 | 60.00 | OK | |||
r-release-macos-x86_64 | 1.0.4.1 | 108.00 | OK | |||
r-release-windows-x86_64 | 1.0.4.1 | 5.00 | 190.00 | 195.00 | OK | |
r-oldrel-macos-arm64 | 1.0.4.1 | 62.00 | OK | |||
r-oldrel-macos-x86_64 | 1.0.4.1 | 165.00 | OK | |||
r-oldrel-windows-x86_64 | 1.0.4.1 | 10.00 | 200.00 | 210.00 | OK |
Version: 1.0.4.1
Check: CRAN incoming feasibility
Result: NOTE
Maintainer: ‘P. Roebuck <proebuck1701@gmail.com>’
No Authors@R field in DESCRIPTION.
Please add one, modifying
Authors@R: person(given = "P.",
family = "Roebuck",
role = c("aut", "cre"),
email = "proebuck1701@gmail.com")
as necessary.
Flavor: r-devel-linux-x86_64-debian-gcc