Last updated on 2025-05-19 12:50:08 CEST.
Flavor | Version | Tinstall | Tcheck | Ttotal | Status | Flags |
---|---|---|---|---|---|---|
r-devel-linux-x86_64-debian-clang | 0.3 | 79.17 | 27.77 | 106.94 | OK | |
r-devel-linux-x86_64-debian-gcc | 0.3 | 72.34 | 28.74 | 101.08 | OK | |
r-devel-linux-x86_64-fedora-clang | 0.3 | 165.24 | OK | |||
r-devel-linux-x86_64-fedora-gcc | 0.3 | 237.95 | OK | |||
r-devel-windows-x86_64 | 0.3 | 80.00 | 82.00 | 162.00 | OK | |
r-patched-linux-x86_64 | 0.3 | 89.14 | 36.73 | 125.87 | OK | |
r-release-linux-x86_64 | 0.3 | 86.81 | 36.29 | 123.10 | OK | |
r-release-macos-arm64 | 0.3 | 72.00 | OK | |||
r-release-macos-x86_64 | 0.3 | 128.00 | OK | |||
r-release-windows-x86_64 | 0.3 | 80.00 | 83.00 | 163.00 | OK | |
r-oldrel-macos-arm64 | 0.3 | 53.00 | NOTE | |||
r-oldrel-macos-x86_64 | 0.3 | 96.00 | NOTE | |||
r-oldrel-windows-x86_64 | 0.3 | 93.00 | 83.00 | 176.00 | OK |
Version: 0.3
Check: installed package size
Result: NOTE
installed size is 49.1Mb
sub-directories of 1Mb or more:
libs 48.8Mb
Flavors: r-oldrel-macos-arm64, r-oldrel-macos-x86_64