Last updated on 2024-06-30 00:59:18 CEST.
Flavor | Version | Tinstall | Tcheck | Ttotal | Status | Flags |
---|---|---|---|---|---|---|
r-devel-linux-x86_64-debian-clang | 0.4.1 | 188.11 | 403.80 | 591.91 | NOTE | |
r-devel-linux-x86_64-debian-gcc | 0.4.1 | 161.08 | 284.53 | 445.61 | NOTE | |
r-devel-linux-x86_64-fedora-clang | 0.4.1 | 823.38 | NOTE | |||
r-devel-linux-x86_64-fedora-gcc | 0.4.1 | 820.04 | NOTE | |||
r-devel-windows-x86_64 | 0.4.1 | 161.00 | 289.00 | 450.00 | NOTE | |
r-patched-linux-x86_64 | 0.4.1 | 190.23 | 375.35 | 565.58 | NOTE | |
r-release-linux-x86_64 | 0.4.1 | 181.36 | 373.32 | 554.68 | NOTE | |
r-release-macos-arm64 | 0.4.1 | 285.00 | NOTE | |||
r-release-macos-x86_64 | 0.4.1 | 271.00 | NOTE | |||
r-release-windows-x86_64 | 0.4.1 | 157.00 | 293.00 | 450.00 | NOTE | |
r-oldrel-macos-arm64 | 0.4.1 | 110.00 | NOTE | |||
r-oldrel-macos-x86_64 | 0.4.1 | 168.00 | NOTE | |||
r-oldrel-windows-x86_64 | 0.4.1 | 153.00 | 361.00 | 514.00 | NOTE |
Version: 0.4.1
Check: for GNU extensions in Makefiles
Result: NOTE
GNU make is a SystemRequirements.
Flavors: r-devel-linux-x86_64-debian-clang, r-devel-linux-x86_64-debian-gcc, r-devel-linux-x86_64-fedora-clang, r-devel-linux-x86_64-fedora-gcc, r-devel-windows-x86_64, r-patched-linux-x86_64, r-release-linux-x86_64, r-release-macos-arm64, r-release-macos-x86_64, r-release-windows-x86_64, r-oldrel-macos-arm64, r-oldrel-macos-x86_64, r-oldrel-windows-x86_64
Version: 0.4.1
Check: installed package size
Result: NOTE
installed size is 7.6Mb
sub-directories of 1Mb or more:
R 2.7Mb
data 2.4Mb
Flavors: r-devel-linux-x86_64-fedora-clang, r-devel-windows-x86_64, r-release-macos-arm64, r-release-macos-x86_64, r-release-windows-x86_64, r-oldrel-macos-arm64, r-oldrel-macos-x86_64, r-oldrel-windows-x86_64