Last updated on 2025-04-29 01:49:39 CEST.
Flavor | Version | Tinstall | Tcheck | Ttotal | Status | Flags |
---|---|---|---|---|---|---|
r-devel-linux-x86_64-debian-clang | 0.9.3 | 28.63 | 313.45 | 342.08 | NOTE | |
r-devel-linux-x86_64-debian-gcc | 0.9.3 | 16.71 | 199.03 | 215.74 | NOTE | |
r-devel-linux-x86_64-fedora-clang | 0.9.4 | 585.87 | OK | |||
r-devel-linux-x86_64-fedora-gcc | 0.9.4 | 589.64 | OK | |||
r-devel-windows-x86_64 | 0.9.3 | 27.00 | 295.00 | 322.00 | NOTE | |
r-patched-linux-x86_64 | 0.9.3 | 27.03 | 297.56 | 324.59 | NOTE | |
r-release-linux-x86_64 | 0.9.3 | 27.40 | 298.83 | 326.23 | NOTE | |
r-release-macos-arm64 | 0.9.4 | 150.00 | OK | |||
r-release-macos-x86_64 | 0.9.4 | 365.00 | OK | |||
r-release-windows-x86_64 | 0.9.3 | 32.00 | 318.00 | 350.00 | NOTE | |
r-oldrel-macos-arm64 | 0.9.4 | 148.00 | OK | |||
r-oldrel-macos-x86_64 | 0.9.4 | 339.00 | OK | |||
r-oldrel-windows-x86_64 | 0.9.3 | 40.00 | 408.00 | 448.00 | OK |
Version: 0.9.3
Check: DESCRIPTION meta-information
Result: NOTE
Missing dependency on R >= 4.1.0 because package code uses the pipe
|> or function shorthand \(...) syntax added in R 4.1.0.
File(s) using such syntax:
‘get_gsw_time_series.R’
Flavors: r-devel-linux-x86_64-debian-clang, r-devel-linux-x86_64-debian-gcc, r-devel-windows-x86_64, r-patched-linux-x86_64, r-release-linux-x86_64, r-release-windows-x86_64