Last updated on 2025-05-19 01:49:58 CEST.
Flavor | Version | Tinstall | Tcheck | Ttotal | Status | Flags |
---|---|---|---|---|---|---|
r-devel-linux-x86_64-debian-clang | 1.0.0 | 64.97 | 88.25 | 153.22 | OK | |
r-devel-linux-x86_64-debian-gcc | 1.0.0 | 51.89 | 69.01 | 120.90 | OK | |
r-devel-linux-x86_64-fedora-clang | 1.0.0 | 260.66 | OK | |||
r-devel-linux-x86_64-fedora-gcc | 1.0.0 | 301.43 | OK | |||
r-devel-windows-x86_64 | 1.0.0 | 74.00 | 143.00 | 217.00 | OK | |
r-patched-linux-x86_64 | 1.0.0 | 73.34 | 83.09 | 156.43 | OK | |
r-release-linux-x86_64 | 1.0.0 | 72.93 | 82.99 | 155.92 | OK | |
r-release-macos-arm64 | 1.0.0 | 94.00 | OK | |||
r-release-macos-x86_64 | 1.0.0 | 124.00 | OK | |||
r-release-windows-x86_64 | 1.0.0 | 75.00 | 165.00 | 240.00 | OK | |
r-oldrel-macos-arm64 | 1.0.0 | 68.00 | NOTE | |||
r-oldrel-macos-x86_64 | 1.0.0 | 92.00 | NOTE | |||
r-oldrel-windows-x86_64 | 1.0.0 | 88.00 | 154.00 | 242.00 | OK |
Version: 1.0.0
Check: installed package size
Result: NOTE
installed size is 5.8Mb
sub-directories of 1Mb or more:
libs 5.1Mb
Flavors: r-oldrel-macos-arm64, r-oldrel-macos-x86_64