Last updated on 2025-05-19 01:49:58 CEST.
Flavor | Version | Tinstall | Tcheck | Ttotal | Status | Flags |
---|---|---|---|---|---|---|
r-devel-linux-x86_64-debian-clang | 0.3.5 | 188.44 | 59.37 | 247.81 | NOTE | |
r-devel-linux-x86_64-debian-gcc | 0.3.5 | 154.23 | 44.44 | 198.67 | NOTE | |
r-devel-linux-x86_64-fedora-clang | 0.3.5 | 394.93 | NOTE | |||
r-devel-linux-x86_64-fedora-gcc | 0.3.5 | 636.35 | NOTE | |||
r-devel-windows-x86_64 | 0.3.5 | 217.00 | 136.00 | 353.00 | NOTE | |
r-patched-linux-x86_64 | 0.3.5 | 217.61 | 55.00 | 272.61 | NOTE | |
r-release-linux-x86_64 | 0.3.5 | 221.85 | 56.09 | 277.94 | NOTE | |
r-release-macos-arm64 | 0.3.5 | 134.00 | NOTE | |||
r-release-macos-x86_64 | 0.3.5 | 120.00 | NOTE | |||
r-release-windows-x86_64 | 0.3.5 | 219.00 | 125.00 | 344.00 | NOTE | |
r-oldrel-macos-arm64 | 0.3.5 | 114.00 | NOTE | |||
r-oldrel-macos-x86_64 | 0.3.5 | 119.00 | NOTE | |||
r-oldrel-windows-x86_64 | 0.3.5 | 241.00 | 140.00 | 381.00 | NOTE |
Version: 0.3.5
Check: C++ specification
Result: NOTE
Specified C++14: please drop specification unless essential
Flavors: r-devel-linux-x86_64-debian-clang, r-devel-linux-x86_64-debian-gcc, r-devel-linux-x86_64-fedora-clang, r-devel-linux-x86_64-fedora-gcc, r-devel-windows-x86_64, r-patched-linux-x86_64, r-release-linux-x86_64, r-release-macos-arm64, r-release-macos-x86_64, r-release-windows-x86_64, r-oldrel-macos-arm64, r-oldrel-macos-x86_64, r-oldrel-windows-x86_64
Version: 0.3.5
Check: installed package size
Result: NOTE
installed size is 22.2Mb
sub-directories of 1Mb or more:
data 1.3Mb
doc 1.6Mb
htmlwidgets 3.5Mb
libs 15.3Mb
Flavors: r-oldrel-macos-arm64, r-oldrel-macos-x86_64, r-oldrel-windows-x86_64