Last updated on 2024-06-30 00:59:18 CEST.
Flavor | Version | Tinstall | Tcheck | Ttotal | Status | Flags |
---|---|---|---|---|---|---|
r-devel-linux-x86_64-debian-clang | 0.9.3 | 12.46 | 725.43 | 737.89 | OK | |
r-devel-linux-x86_64-debian-gcc | 0.9.3 | 8.40 | 511.95 | 520.35 | OK | |
r-devel-linux-x86_64-fedora-clang | 0.9.3 | 878.20 | NOTE | |||
r-devel-linux-x86_64-fedora-gcc | 0.9.3 | 878.64 | NOTE | |||
r-devel-windows-x86_64 | 0.9.3 | 11.00 | 522.00 | 533.00 | OK | |
r-patched-linux-x86_64 | 0.9.3 | 10.66 | 687.69 | 698.35 | OK | |
r-release-linux-x86_64 | 0.9.3 | 6.85 | 678.69 | 685.54 | OK | |
r-release-macos-arm64 | 0.9.3 | 221.00 | OK | |||
r-release-macos-x86_64 | 0.9.3 | 362.00 | OK | |||
r-release-windows-x86_64 | 0.9.3 | 11.00 | 519.00 | 530.00 | OK | |
r-oldrel-macos-arm64 | 0.9.3 | 242.00 | OK | |||
r-oldrel-macos-x86_64 | 0.9.3 | 596.00 | OK | |||
r-oldrel-windows-x86_64 | 0.9.3 | 13.00 | 697.00 | 710.00 | OK |
Version: 0.9.3
Check: data for non-ASCII characters
Result: NOTE
Note: found 3 marked UTF-8 strings
Flavors: r-devel-linux-x86_64-fedora-clang, r-devel-linux-x86_64-fedora-gcc