CRAN Package Check Results for Package mandelbrot

Last updated on 2025-07-21 01:49:08 CEST.

Flavor Version Tinstall Tcheck Ttotal Status Flags
r-devel-linux-x86_64-debian-clang 0.2.0 2.05 24.46 26.51 OK
r-devel-linux-x86_64-debian-gcc 0.2.0 1.95 20.33 22.28 OK
r-devel-linux-x86_64-fedora-clang 0.2.0 40.15 OK
r-devel-linux-x86_64-fedora-gcc 0.2.0 39.03 OK
r-devel-windows-x86_64 0.2.0 6.00 52.00 58.00 OK
r-patched-linux-x86_64 0.2.0 2.40 22.65 25.05 OK
r-release-linux-x86_64 0.2.0 2.34 22.39 24.73 OK
r-release-macos-arm64 0.2.0 22.00 OK
r-release-macos-x86_64 0.2.0 37.00 OK
r-release-windows-x86_64 0.2.0 7.00 61.00 68.00 OK
r-oldrel-macos-arm64 0.2.0 19.00 NOTE
r-oldrel-macos-x86_64 0.2.0 27.00 NOTE
r-oldrel-windows-x86_64 0.2.0 7.00 56.00 63.00 NOTE

Check Details

Version: 0.2.0
Check: LazyData
Result: NOTE 'LazyData' is specified without a 'data' directory Flavors: r-oldrel-macos-arm64, r-oldrel-macos-x86_64, r-oldrel-windows-x86_64