Last updated on 2024-06-30 00:59:18 CEST.
Flavor | Version | Tinstall | Tcheck | Ttotal | Status | Flags |
---|---|---|---|---|---|---|
r-devel-linux-x86_64-debian-clang | 1.2.1 | 17.97 | 190.00 | 207.97 | NOTE | |
r-devel-linux-x86_64-debian-gcc | 1.2.1 | 16.67 | 137.33 | 154.00 | NOTE | |
r-devel-linux-x86_64-fedora-clang | 1.2.1 | 260.51 | OK | |||
r-devel-linux-x86_64-fedora-gcc | 1.2.1 | 253.57 | OK | |||
r-devel-windows-x86_64 | 1.2.1 | 19.00 | 159.00 | 178.00 | OK | |
r-patched-linux-x86_64 | 1.2.1 | 19.50 | 181.03 | 200.53 | NOTE | |
r-release-linux-x86_64 | 1.2.1 | 20.89 | 179.08 | 199.97 | NOTE | |
r-release-macos-arm64 | 1.2.1 | 83.00 | NOTE | |||
r-release-macos-x86_64 | 1.2.1 | 129.00 | NOTE | |||
r-release-windows-x86_64 | 1.2.1 | 19.00 | 149.00 | 168.00 | OK | |
r-oldrel-macos-arm64 | 1.2.1 | 88.00 | NOTE | |||
r-oldrel-macos-x86_64 | 1.2.1 | 155.00 | NOTE | |||
r-oldrel-windows-x86_64 | 1.2.1 | 25.00 | 185.00 | 210.00 | NOTE |
Version: 1.2.1
Check: package dependencies
Result: NOTE
Package suggested but not available for checking: ‘INLA’
Flavors: r-devel-linux-x86_64-debian-clang, r-devel-linux-x86_64-debian-gcc, r-patched-linux-x86_64, r-release-linux-x86_64, r-release-macos-arm64, r-release-macos-x86_64, r-oldrel-macos-arm64, r-oldrel-macos-x86_64, r-oldrel-windows-x86_64
Version: 1.2.1
Check: Rd cross-references
Result: NOTE
Package unavailable to check Rd xrefs: ‘INLA’
Flavors: r-devel-linux-x86_64-debian-clang, r-devel-linux-x86_64-debian-gcc, r-patched-linux-x86_64, r-release-linux-x86_64, r-release-macos-arm64, r-release-macos-x86_64, r-oldrel-macos-arm64, r-oldrel-macos-x86_64, r-oldrel-windows-x86_64