Last updated on 2025-05-19 01:49:58 CEST.
Flavor | Version | Tinstall | Tcheck | Ttotal | Status | Flags |
---|---|---|---|---|---|---|
r-devel-linux-x86_64-debian-clang | 1.0.3 | 2.08 | 77.09 | 79.17 | OK | |
r-devel-linux-x86_64-debian-gcc | 1.0.3 | 1.69 | 53.14 | 54.83 | OK | |
r-devel-linux-x86_64-fedora-clang | 1.0.3 | 128.73 | OK | |||
r-devel-linux-x86_64-fedora-gcc | 1.0.3 | 139.99 | OK | |||
r-devel-windows-x86_64 | 1.0.3 | 4.00 | 126.00 | 130.00 | OK | |
r-patched-linux-x86_64 | 1.0.3 | 2.81 | 73.80 | 76.61 | OK | |
r-release-linux-x86_64 | 1.0.3 | 2.44 | 72.56 | 75.00 | OK | |
r-release-macos-arm64 | 1.0.3 | 83.00 | OK | |||
r-release-macos-x86_64 | 1.0.3 | 89.00 | OK | |||
r-release-windows-x86_64 | 1.0.3 | 4.00 | 100.00 | 104.00 | OK | |
r-oldrel-macos-arm64 | 1.0.3 | 37.00 | NOTE | |||
r-oldrel-macos-x86_64 | 1.0.3 | 74.00 | OK | |||
r-oldrel-windows-x86_64 | 1.0.3 | 4.00 | 115.00 | 119.00 | OK |
Version: 1.0.3
Check: package dependencies
Result: NOTE
Package suggested but not available for checking: ‘dittoSeq’
Flavor: r-oldrel-macos-arm64