Last updated on 2025-07-19 13:50:16 CEST.
Flavor | Version | Tinstall | Tcheck | Ttotal | Status | Flags |
---|---|---|---|---|---|---|
r-devel-linux-x86_64-debian-clang | 0.1.0 | 6.71 | 42.84 | 49.55 | NOTE | |
r-devel-linux-x86_64-debian-gcc | 0.1.0 | 3.70 | 33.63 | 37.33 | NOTE | |
r-devel-linux-x86_64-fedora-clang | 0.1.0 | 74.76 | NOTE | |||
r-devel-linux-x86_64-fedora-gcc | 0.1.0 | 74.15 | NOTE | |||
r-devel-windows-x86_64 | 0.1.0 | 5.00 | 56.00 | 61.00 | OK | |
r-patched-linux-x86_64 | 0.1.0 | 6.61 | 39.99 | 46.60 | OK | |
r-release-linux-x86_64 | 0.1.0 | 6.33 | 40.16 | 46.49 | OK | |
r-release-macos-arm64 | 0.1.0 | 37.00 | OK | |||
r-release-macos-x86_64 | 0.1.0 | 52.00 | OK | |||
r-release-windows-x86_64 | 0.1.0 | 6.00 | 60.00 | 66.00 | OK | |
r-oldrel-macos-arm64 | 0.1.0 | 22.00 | OK | |||
r-oldrel-macos-x86_64 | 0.1.0 | 37.00 | OK | |||
r-oldrel-windows-x86_64 | 0.1.0 | 7.00 | 65.00 | 72.00 | OK |
Version: 0.1.0
Check: CRAN incoming feasibility
Result: NOTE
Maintainer: ‘Daniel Falbel <daniel@rstudio.com>’
The Description field contains
(2020) <arxiv:2101.11075>.
Please refer to arXiv e-prints via their arXiv DOI <doi:10.48550/arXiv.YYMM.NNNNN>.
Flavors: r-devel-linux-x86_64-debian-clang, r-devel-linux-x86_64-debian-gcc
Version: 0.1.0
Check: dependencies in R code
Result: NOTE
Namespaces in Imports field not imported from:
‘rlang’ ‘torch’
All declared Imports should be used.
Flavors: r-devel-linux-x86_64-fedora-clang, r-devel-linux-x86_64-fedora-gcc