Last updated on 2025-04-29 01:49:38 CEST.
Flavor | Version | Tinstall | Tcheck | Ttotal | Status | Flags |
---|---|---|---|---|---|---|
r-devel-linux-x86_64-debian-clang | 1.0.1 | 12.22 | 81.30 | 93.52 | OK | |
r-devel-linux-x86_64-debian-gcc | 1.0.1 | 7.83 | 58.45 | 66.28 | NOTE | |
r-devel-linux-x86_64-fedora-clang | 1.0.1 | 148.13 | OK | |||
r-devel-linux-x86_64-fedora-gcc | 1.0.1 | 137.63 | OK | |||
r-devel-windows-x86_64 | 1.0.1 | 13.00 | 102.00 | 115.00 | OK | |
r-patched-linux-x86_64 | 1.0.1 | 11.94 | 79.01 | 90.95 | OK | |
r-release-linux-x86_64 | 1.0.1 | 11.79 | 77.12 | 88.91 | OK | |
r-release-macos-arm64 | 1.0.1 | 38.00 | OK | |||
r-release-macos-x86_64 | 1.0.1 | 66.00 | OK | |||
r-release-windows-x86_64 | 1.0.1 | 14.00 | 85.00 | 99.00 | OK | |
r-oldrel-macos-arm64 | 1.0.1 | 41.00 | OK | |||
r-oldrel-macos-x86_64 | 1.0.1 | 69.00 | OK | |||
r-oldrel-windows-x86_64 | 1.0.1 | 17.00 | 108.00 | 125.00 | OK |
Version: 1.0.1
Check: CRAN incoming feasibility
Result: NOTE
Maintainer: ‘Yi Zhao <yi_zhao@alumni.brown.edu>’
No Authors@R field in DESCRIPTION.
Please add one, modifying
Authors@R: c(person(given = "Yi",
family = "Zhao",
role = c("aut", "cre"),
email = "yi_zhao@alumni.brown.edu"),
person(given = "Xi",
family = "Luo",
role = "aut",
email = "xi.rossi.luo@gmail.com"))
as necessary.
File 'R/macc-internal.R' sets .Random.seed.
This is usually neither needed nor wanted.
The Description field contains
under Correlated Errors with an Application to fMRI, <arXiv:1410.7217>
Please refer to arXiv e-prints via their arXiv DOI <doi:10.48550/arXiv.YYMM.NNNNN>.
Flavor: r-devel-linux-x86_64-debian-gcc