CRAN Package Check Results for Package ltsa

Last updated on 2025-05-19 01:49:58 CEST.

Flavor Version Tinstall Tcheck Ttotal Status Flags
r-devel-linux-x86_64-debian-clang 1.4.6.1 5.22 27.87 33.09 OK
r-devel-linux-x86_64-debian-gcc 1.4.6.1 3.84 22.15 25.99 OK
r-devel-linux-x86_64-fedora-clang 1.4.6.1 50.80 NOTE
r-devel-linux-x86_64-fedora-gcc 1.4.6.1 49.25 NOTE
r-devel-windows-x86_64 1.4.6.1 10.00 135.00 145.00 OK
r-patched-linux-x86_64 1.4.6.1 4.40 26.52 30.92 OK
r-release-linux-x86_64 1.4.6.1 4.04 26.45 30.49 OK
r-release-macos-arm64 1.4.6.1 21.00 OK
r-release-macos-x86_64 1.4.6.1 36.00 OK
r-release-windows-x86_64 1.4.6.1 11.00 98.00 109.00 OK
r-oldrel-macos-arm64 1.4.6.1 26.00 OK
r-oldrel-macos-x86_64 1.4.6.1 56.00 OK
r-oldrel-windows-x86_64 1.4.6.1 12.00 55.00 67.00 OK

Check Details

Version: 1.4.6.1
Check: compiled code
Result: NOTE File ‘ltsa/libs/ltsa.so’: Found no calls to: ‘R_registerRoutines’, ‘R_useDynamicSymbols’ It is good practice to register native routines and to disable symbol search. See ‘Writing portable packages’ in the ‘Writing R Extensions’ manual. Flavors: r-devel-linux-x86_64-fedora-clang, r-devel-linux-x86_64-fedora-gcc