Last updated on 2025-05-19 01:49:58 CEST.
Flavor | Version | Tinstall | Tcheck | Ttotal | Status | Flags |
---|---|---|---|---|---|---|
r-devel-linux-x86_64-debian-clang | 0.5.6 | 7.02 | 57.24 | 64.26 | OK | |
r-devel-linux-x86_64-debian-gcc | 0.5.6 | 4.84 | 40.76 | 45.60 | OK | |
r-devel-linux-x86_64-fedora-clang | 0.5.6 | 102.43 | OK | |||
r-devel-linux-x86_64-fedora-gcc | 0.5.6 | 97.25 | OK | |||
r-devel-windows-x86_64 | 0.5.6 | 10.00 | 113.00 | 123.00 | OK | |
r-patched-linux-x86_64 | 0.5.6 | 6.31 | 53.50 | 59.81 | OK | |
r-release-linux-x86_64 | 0.5.6 | 7.20 | 52.81 | 60.01 | OK | |
r-release-macos-arm64 | 0.5.6 | 35.00 | OK | |||
r-release-macos-x86_64 | 0.5.6 | 56.00 | OK | |||
r-release-windows-x86_64 | 0.5.6 | 8.00 | 80.00 | 88.00 | OK | |
r-oldrel-macos-arm64 | 0.5.6 | 28.00 | NOTE | |||
r-oldrel-macos-x86_64 | 0.5.6 | 48.00 | NOTE | |||
r-oldrel-windows-x86_64 | 0.5.6 | 12.00 | 81.00 | 93.00 | NOTE |
Version: 0.5.6
Check: LazyData
Result: NOTE
'LazyData' is specified without a 'data' directory
Flavors: r-oldrel-macos-arm64, r-oldrel-macos-x86_64, r-oldrel-windows-x86_64