CRAN Package Check Results for Package lsbs

Last updated on 2025-04-29 01:49:38 CEST.

Flavor Version Tinstall Tcheck Ttotal Status Flags
r-devel-linux-x86_64-debian-clang 0.1 2.05 27.05 29.10 OK
r-devel-linux-x86_64-debian-gcc 0.1 1.58 21.56 23.14 NOTE
r-devel-linux-x86_64-fedora-clang 0.1 45.59 NOTE
r-devel-linux-x86_64-fedora-gcc 0.1 45.74 NOTE
r-devel-windows-x86_64 0.1 3.00 66.00 69.00 OK
r-patched-linux-x86_64 0.1 1.45 26.62 28.07 OK
r-release-linux-x86_64 0.1 1.63 26.57 28.20 OK
r-release-macos-arm64 0.1 24.00 OK
r-release-macos-x86_64 0.1 33.00 OK
r-release-windows-x86_64 0.1 5.00 57.00 62.00 OK
r-oldrel-macos-arm64 0.1 20.00 NOTE
r-oldrel-macos-x86_64 0.1 27.00 NOTE
r-oldrel-windows-x86_64 0.1 4.00 57.00 61.00 NOTE

Check Details

Version: 0.1
Check: CRAN incoming feasibility
Result: NOTE Maintainer: ‘Guangwei Weng <wengx076@umn.edu>’ The Description field contains matrix. See Doss and Weng (2018) <arXiv:1806.00731> for more detail. Please refer to arXiv e-prints via their arXiv DOI <doi:10.48550/arXiv.YYMM.NNNNN>. Flavor: r-devel-linux-x86_64-debian-gcc

Version: 0.1
Check: dependencies in R code
Result: NOTE Namespace in Imports field not imported from: ‘Matrix’ All declared Imports should be used. Flavors: r-devel-linux-x86_64-fedora-clang, r-devel-linux-x86_64-fedora-gcc

Version: 0.1
Check: LazyData
Result: NOTE 'LazyData' is specified without a 'data' directory Flavors: r-oldrel-macos-arm64, r-oldrel-macos-x86_64, r-oldrel-windows-x86_64