Last updated on 2024-07-13 12:48:19 CEST.
Flavor | Version | Tinstall | Tcheck | Ttotal | Status | Flags |
---|---|---|---|---|---|---|
r-devel-linux-x86_64-debian-clang | 0.1.4 | 34.27 | 674.11 | 708.38 | OK | |
r-devel-linux-x86_64-debian-gcc | 0.1.4 | 23.75 | 457.65 | 481.40 | OK | |
r-devel-linux-x86_64-fedora-clang | 0.1.4 | 863.75 | OK | |||
r-devel-linux-x86_64-fedora-gcc | 0.1.4 | 775.06 | OK | |||
r-devel-windows-x86_64 | 0.1.4 | 29.00 | 384.00 | 413.00 | NOTE | |
r-patched-linux-x86_64 | 0.1.4 | 31.25 | 595.12 | 626.37 | OK | |
r-release-linux-x86_64 | 0.1.4 | 27.08 | 589.65 | 616.73 | OK | |
r-release-macos-arm64 | 0.1.4 | 153.00 | OK | |||
r-release-macos-x86_64 | 0.1.4 | 294.00 | OK | |||
r-release-windows-x86_64 | 0.1.4 | 31.00 | 382.00 | 413.00 | OK | |
r-oldrel-macos-arm64 | 0.1.4 | 168.00 | OK | |||
r-oldrel-macos-x86_64 | 0.1.4 | 381.00 | OK | |||
r-oldrel-windows-x86_64 | 0.1.4 | 39.00 | 552.00 | 591.00 | OK |
Version: 0.1.4
Check: Rd cross-references
Result: NOTE
Found the following Rd file(s) with Rd \link{} targets missing package
anchors:
plot.lpcde.Rd: ggplot2
Please provide package anchors for all Rd \link{} targets not in the
package itself and the base packages.
Flavor: r-devel-windows-x86_64