Last updated on 2024-07-13 12:48:19 CEST.
Flavor | Version | Tinstall | Tcheck | Ttotal | Status | Flags |
---|---|---|---|---|---|---|
r-devel-linux-x86_64-debian-clang | 1.0.3 | 36.36 | 230.25 | 266.61 | NOTE | |
r-devel-linux-x86_64-debian-gcc | 1.0.3 | 24.62 | 168.76 | 193.38 | NOTE | |
r-devel-linux-x86_64-fedora-clang | 1.0.3 | 347.07 | NOTE | |||
r-devel-linux-x86_64-fedora-gcc | 1.0.3 | 331.73 | NOTE | |||
r-devel-windows-x86_64 | 1.0.3 | 20.00 | 178.00 | 198.00 | NOTE | |
r-patched-linux-x86_64 | 1.0.3 | 27.12 | 221.20 | 248.32 | NOTE | |
r-release-linux-x86_64 | 1.0.3 | 20.67 | 224.71 | 245.38 | NOTE | |
r-release-macos-arm64 | 1.0.3 | 174.00 | NOTE | |||
r-release-macos-x86_64 | 1.0.3 | 148.00 | NOTE | |||
r-release-windows-x86_64 | 1.0.3 | 21.00 | 171.00 | 192.00 | NOTE | |
r-oldrel-macos-arm64 | 1.0.3 | 93.00 | OK | |||
r-oldrel-macos-x86_64 | 1.0.3 | 189.00 | OK | |||
r-oldrel-windows-x86_64 | 1.0.3 | 26.00 | 195.00 | 221.00 | OK |
Version: 1.0.3
Check: Rd files
Result: NOTE
checkRd: (-1) loon.shiny.Rd:93-102: Lost braces in \itemize; meant \describe ?
checkRd: (-1) loon.shiny.Rd:95-96: Lost braces in \itemize; meant \describe ?
checkRd: (-1) loon.shiny.Rd:97: Lost braces in \itemize; meant \describe ?
checkRd: (-1) loon.shiny.Rd:98-100: Lost braces in \itemize; meant \describe ?
checkRd: (-1) loon.shiny.Rd:103-108: Lost braces in \itemize; meant \describe ?
checkRd: (-1) loon.shiny.Rd:105: Lost braces in \itemize; meant \describe ?
checkRd: (-1) loon.shiny.Rd:106: Lost braces in \itemize; meant \describe ?
Flavors: r-devel-linux-x86_64-debian-clang, r-devel-linux-x86_64-debian-gcc, r-devel-linux-x86_64-fedora-clang, r-devel-linux-x86_64-fedora-gcc, r-devel-windows-x86_64, r-patched-linux-x86_64, r-release-linux-x86_64, r-release-macos-arm64, r-release-macos-x86_64, r-release-windows-x86_64
Version: 1.0.3
Check: Rd cross-references
Result: NOTE
Found the following Rd file(s) with Rd \link{} targets missing package
anchors:
loon.shiny.Rd: ggplot2loon, grid.arrange, shinyApp, runApp
shiny.loon-deprecated.Rd: ggplot2loon, grid.arrange, shinyApp
Please provide package anchors for all Rd \link{} targets not in the
package itself and the base packages.
Flavor: r-devel-windows-x86_64