Last updated on 2025-05-19 12:50:08 CEST.
Flavor | Version | Tinstall | Tcheck | Ttotal | Status | Flags |
---|---|---|---|---|---|---|
r-devel-linux-x86_64-debian-clang | 0.2.3 | 7.37 | 49.94 | 57.31 | NOTE | |
r-devel-linux-x86_64-debian-gcc | 0.2.3 | 5.42 | 36.92 | 42.34 | NOTE | |
r-devel-linux-x86_64-fedora-clang | 0.2.3 | 93.83 | OK | |||
r-devel-linux-x86_64-fedora-gcc | 0.2.3 | 88.92 | OK | |||
r-devel-windows-x86_64 | 0.2.3 | 9.00 | 89.00 | 98.00 | OK | |
r-patched-linux-x86_64 | 0.2.3 | 6.59 | 47.15 | 53.74 | OK | |
r-release-linux-x86_64 | 0.2.3 | 7.08 | 47.51 | 54.59 | OK | |
r-release-macos-arm64 | 0.2.3 | 34.00 | OK | |||
r-release-macos-x86_64 | 0.2.3 | 48.00 | OK | |||
r-release-windows-x86_64 | 0.2.3 | 10.00 | 72.00 | 82.00 | OK | |
r-oldrel-macos-arm64 | 0.2.3 | 28.00 | OK | |||
r-oldrel-macos-x86_64 | 0.2.3 | 45.00 | OK | |||
r-oldrel-windows-x86_64 | 0.2.3 | 12.00 | 75.00 | 87.00 | OK |
Version: 0.2.3
Check: CRAN incoming feasibility
Result: NOTE
Maintainer: ‘Ross Jacobucci <rcjacobuc@gmail.com>’
No Authors@R field in DESCRIPTION.
Please add one, modifying
Authors@R: c(person(given = "Ross",
family = "Jacobucci",
role = c("aut", "cre"),
email = "rcjacobuc@gmail.com"),
person(given = "Sam",
family = "Stewart",
role = "aut"),
person(given = "Mohamed",
family = "Abdolell",
role = "aut"),
person(given = "Sarfaraz",
family = "Serang",
role = "ctb"),
person(given = "Gabriela",
family = "Stegmann",
role = "ctb"))
as necessary.
Flavors: r-devel-linux-x86_64-debian-clang, r-devel-linux-x86_64-debian-gcc