CRAN Package Check Results for Package logiBin

Last updated on 2025-07-21 01:49:08 CEST.

Flavor Version Tinstall Tcheck Ttotal Status Flags
r-devel-linux-x86_64-debian-clang 0.3 7.83 62.53 70.36 NOTE
r-devel-linux-x86_64-debian-gcc 0.3 5.99 47.45 53.44 NOTE
r-devel-linux-x86_64-fedora-clang 0.3 109.92 OK
r-devel-linux-x86_64-fedora-gcc 0.3 115.98 OK
r-devel-windows-x86_64 0.3 9.00 102.00 111.00 OK
r-patched-linux-x86_64 0.3 5.80 59.40 65.20 OK
r-release-linux-x86_64 0.3 7.04 59.43 66.47 OK
r-release-macos-arm64 0.3 69.00 OK
r-release-macos-x86_64 0.3 95.00 OK
r-release-windows-x86_64 0.3 9.00 96.00 105.00 OK
r-oldrel-macos-arm64 0.3 52.00 OK
r-oldrel-macos-x86_64 0.3 75.00 OK
r-oldrel-windows-x86_64 0.3 12.00 115.00 127.00 OK

Check Details

Version: 0.3
Check: CRAN incoming feasibility
Result: NOTE Maintainer: ‘Sneha Tody <sn.tody1@gmail.com>’ No Authors@R field in DESCRIPTION. Please add one, modifying Authors@R: person(given = "Sneha", family = "Tody", role = c("aut", "cre"), email = "sn.tody1@gmail.com") as necessary. Flavors: r-devel-linux-x86_64-debian-clang, r-devel-linux-x86_64-debian-gcc