Last updated on 2025-05-19 12:50:08 CEST.
Flavor | Version | Tinstall | Tcheck | Ttotal | Status | Flags |
---|---|---|---|---|---|---|
r-devel-linux-x86_64-debian-clang | 1.1.1 | 3.49 | 24.09 | 27.58 | NOTE | |
r-devel-linux-x86_64-debian-gcc | 1.1.1 | 2.56 | 20.08 | 22.64 | NOTE | |
r-devel-linux-x86_64-fedora-clang | 1.1.1 | 41.33 | NOTE | |||
r-devel-linux-x86_64-fedora-gcc | 1.1.1 | 40.05 | NOTE | |||
r-devel-windows-x86_64 | 1.1.1 | 4.00 | 50.00 | 54.00 | NOTE | |
r-patched-linux-x86_64 | 1.1.1 | 2.73 | 22.07 | 24.80 | NOTE | |
r-release-linux-x86_64 | 1.1.1 | 3.09 | 21.98 | 25.07 | NOTE | |
r-release-macos-arm64 | 1.1.1 | 20.00 | NOTE | |||
r-release-macos-x86_64 | 1.1.1 | 31.00 | NOTE | |||
r-release-windows-x86_64 | 1.1.1 | 4.00 | 49.00 | 53.00 | NOTE | |
r-oldrel-macos-arm64 | 1.1.1 | 17.00 | OK | |||
r-oldrel-macos-x86_64 | 1.1.1 | 25.00 | OK | |||
r-oldrel-windows-x86_64 | 1.1.1 | 7.00 | 50.00 | 57.00 | OK |
Version: 1.1.1
Check: DESCRIPTION meta-information
Result: NOTE
Missing dependency on R >= 4.1.0 because package code uses the pipe
|> or function shorthand \(...) syntax added in R 4.1.0.
File(s) using such syntax:
‘logger.R’
Flavors: r-devel-linux-x86_64-debian-clang, r-devel-linux-x86_64-debian-gcc, r-devel-linux-x86_64-fedora-clang, r-devel-linux-x86_64-fedora-gcc, r-devel-windows-x86_64, r-patched-linux-x86_64, r-release-linux-x86_64, r-release-macos-arm64, r-release-macos-x86_64, r-release-windows-x86_64
Version: 1.1.1
Check: dependencies in R code
Result: NOTE
Namespace in Imports field not imported from: ‘R6’
All declared Imports should be used.
Flavors: r-devel-linux-x86_64-fedora-clang, r-devel-linux-x86_64-fedora-gcc