Last updated on 2025-02-22 00:49:49 CET.
Flavor | Version | Tinstall | Tcheck | Ttotal | Status | Flags |
---|---|---|---|---|---|---|
r-devel-linux-x86_64-debian-clang | 0.1.3 | 12.69 | 95.51 | 108.20 | NOTE | |
r-devel-linux-x86_64-debian-gcc | 0.1.3 | 9.84 | 64.07 | 73.91 | NOTE | |
r-devel-linux-x86_64-fedora-clang | 0.1.3 | 170.15 | NOTE | |||
r-devel-linux-x86_64-fedora-gcc | 0.1.3 | 178.68 | NOTE | |||
r-devel-macos-arm64 | 0.1.3 | 58.00 | OK | |||
r-devel-macos-x86_64 | 0.1.3 | 115.00 | NOTE | |||
r-devel-windows-x86_64 | 0.1.3 | 14.00 | 107.00 | 121.00 | NOTE | |
r-patched-linux-x86_64 | 0.1.3 | 12.75 | 89.70 | 102.45 | OK | |
r-release-linux-x86_64 | 0.1.3 | 11.80 | 89.02 | 100.82 | OK | |
r-release-macos-arm64 | 0.1.3 | 76.00 | OK | |||
r-release-macos-x86_64 | 0.1.3 | 147.00 | OK | |||
r-release-windows-x86_64 | 0.1.3 | 13.00 | 102.00 | 115.00 | OK | |
r-oldrel-macos-arm64 | 0.1.3 | 65.00 | OK | |||
r-oldrel-macos-x86_64 | 0.1.3 | 115.00 | OK | |||
r-oldrel-windows-x86_64 | 0.1.3 | 14.00 | 140.00 | 154.00 | OK |
Version: 0.1.3
Check: DESCRIPTION meta-information
Result: NOTE
Missing dependency on R >= 4.1.0 because package code uses the pipe
|> or function shorthand \(...) syntax added in R 4.1.0.
File(s) using such syntax:
‘bittermelon.R’
Flavors: r-devel-linux-x86_64-debian-clang, r-devel-linux-x86_64-debian-gcc, r-devel-linux-x86_64-fedora-clang, r-devel-linux-x86_64-fedora-gcc, r-devel-macos-x86_64, r-devel-windows-x86_64