Last updated on 2025-07-20 12:49:29 CEST.
Flavor | Version | Tinstall | Tcheck | Ttotal | Status | Flags |
---|---|---|---|---|---|---|
r-devel-linux-x86_64-debian-clang | 0.1.3 | 12.20 | 95.22 | 107.42 | NOTE | |
r-devel-linux-x86_64-debian-gcc | 0.1.3 | 9.32 | 64.89 | 74.21 | NOTE | |
r-devel-linux-x86_64-fedora-clang | 0.1.3 | 166.19 | NOTE | |||
r-devel-linux-x86_64-fedora-gcc | 0.1.3 | 176.66 | NOTE | |||
r-devel-windows-x86_64 | 0.1.3 | 13.00 | 101.00 | 114.00 | NOTE | |
r-patched-linux-x86_64 | 0.1.3 | 12.96 | 92.26 | 105.22 | NOTE | |
r-release-linux-x86_64 | 0.1.3 | 12.95 | 91.79 | 104.74 | NOTE | |
r-release-macos-arm64 | 0.1.3 | 66.00 | NOTE | |||
r-release-macos-x86_64 | 0.1.3 | 115.00 | NOTE | |||
r-release-windows-x86_64 | 0.1.3 | 15.00 | 105.00 | 120.00 | NOTE | |
r-oldrel-macos-arm64 | 0.1.3 | 76.00 | OK | |||
r-oldrel-macos-x86_64 | 0.1.3 | 147.00 | OK | |||
r-oldrel-windows-x86_64 | 0.1.3 | 13.00 | 129.00 | 142.00 | OK |
Version: 0.1.3
Check: DESCRIPTION meta-information
Result: NOTE
Missing dependency on R >= 4.1.0 because package code uses the pipe
|> or function shorthand \(...) syntax added in R 4.1.0.
File(s) using such syntax:
‘bittermelon.R’ ‘lofi.Rd’
Flavors: r-devel-linux-x86_64-debian-clang, r-devel-linux-x86_64-debian-gcc, r-devel-linux-x86_64-fedora-clang, r-devel-linux-x86_64-fedora-gcc, r-devel-windows-x86_64, r-patched-linux-x86_64, r-release-linux-x86_64, r-release-macos-arm64, r-release-macos-x86_64, r-release-windows-x86_64