Last updated on 2025-05-19 12:50:08 CEST.
Flavor | Version | Tinstall | Tcheck | Ttotal | Status | Flags |
---|---|---|---|---|---|---|
r-devel-linux-x86_64-debian-clang | 1.0-7 | 13.89 | 103.79 | 117.68 | NOTE | |
r-devel-linux-x86_64-debian-gcc | 1.0-7 | 10.34 | 76.15 | 86.49 | NOTE | |
r-devel-linux-x86_64-fedora-clang | 1.0-7 | 176.30 | OK | |||
r-devel-linux-x86_64-fedora-gcc | 1.0-7 | 165.18 | OK | |||
r-devel-windows-x86_64 | 1.0-7 | 15.00 | 111.00 | 126.00 | OK | |
r-patched-linux-x86_64 | 1.0-7 | 13.08 | 95.35 | 108.43 | OK | |
r-release-linux-x86_64 | 1.0-7 | 12.87 | 96.07 | 108.94 | OK | |
r-release-macos-arm64 | 1.0-7 | 47.00 | OK | |||
r-release-macos-x86_64 | 1.0-7 | 83.00 | OK | |||
r-release-windows-x86_64 | 1.0-7 | 15.00 | 109.00 | 124.00 | OK | |
r-oldrel-macos-arm64 | 1.0-7 | 52.00 | OK | |||
r-oldrel-macos-x86_64 | 1.0-7 | 66.00 | OK | |||
r-oldrel-windows-x86_64 | 1.0-7 | 19.00 | 130.00 | 149.00 | OK |
Version: 1.0-7
Check: CRAN incoming feasibility
Result: NOTE
Maintainer: ‘Ilja M. Nolte <i.m.nolte@umcg.nl>’
No Authors@R field in DESCRIPTION.
Please add one, modifying
Authors@R: c(person(given = "Ahmad",
family = "Vaez",
role = "aut"),
person(given = c("Ilja", "M."),
family = "Nolte",
role = c("aut", "cre"),
email = "i.m.nolte@umcg.nl"),
person(given = c("Peter", "J."),
family = "van der Most",
role = "aut"))
as necessary.
Package CITATION file contains call(s) to old-style citEntry(). Please
use bibentry() instead.
Flavors: r-devel-linux-x86_64-debian-clang, r-devel-linux-x86_64-debian-gcc