Last updated on 2025-05-19 01:49:57 CEST.
Flavor | Version | Tinstall | Tcheck | Ttotal | Status | Flags |
---|---|---|---|---|---|---|
r-devel-linux-x86_64-debian-clang | 3.2.0 | 11.29 | 243.86 | 255.15 | NOTE | |
r-devel-linux-x86_64-debian-gcc | 3.2.0 | 8.79 | 160.89 | 169.68 | NOTE | |
r-devel-linux-x86_64-fedora-clang | 3.2.0 | 385.29 | OK | |||
r-devel-linux-x86_64-fedora-gcc | 3.2.0 | 389.71 | OK | |||
r-devel-windows-x86_64 | 3.2.0 | 14.00 | 386.00 | 400.00 | OK | |
r-patched-linux-x86_64 | 3.2.0 | 15.63 | 229.15 | 244.78 | OK | |
r-release-linux-x86_64 | 3.2.0 | 10.32 | 228.08 | 238.40 | OK | |
r-release-macos-arm64 | 3.2.0 | 291.00 | OK | |||
r-release-macos-x86_64 | 3.2.0 | 640.00 | OK | |||
r-release-windows-x86_64 | 3.2.0 | 14.00 | 359.00 | 373.00 | OK | |
r-oldrel-macos-arm64 | 3.2.0 | 316.00 | OK | |||
r-oldrel-macos-x86_64 | 3.2.0 | 706.00 | OK | |||
r-oldrel-windows-x86_64 | 3.2.0 | 17.00 | 411.00 | 428.00 | OK |
Version: 3.2.0
Check: DESCRIPTION meta-information
Result: NOTE
Author field differs from that derived from Authors@R
Author: ‘Jim Hester [aut], Florent Angly [aut] (fangly), Russ Hyde [aut], Michael Chirico [aut, cre], Kun Ren [aut], Alexander Rosenstock [aut] (AshesITR), Indrajeet Patil [aut] (<https://orcid.org/0000-0003-1995-6531>, @patilindrajeets)’
Authors@R: ‘Jim Hester [aut], Florent Angly [aut] (fangly), Russ Hyde [aut], Michael Chirico [aut, cre], Kun Ren [aut], Alexander Rosenstock [aut] (AshesITR), Indrajeet Patil [aut] (ORCID: <https://orcid.org/0000-0003-1995-6531>, Twitter: @patilindrajeets)’
Flavors: r-devel-linux-x86_64-debian-clang, r-devel-linux-x86_64-debian-gcc