CRAN Package Check Results for Package linne

Last updated on 2025-02-22 00:49:49 CET.

Flavor Version Tinstall Tcheck Ttotal Status Flags
r-devel-linux-x86_64-debian-clang 0.0.2 3.90 47.65 51.55 OK
r-devel-linux-x86_64-debian-gcc 0.0.2 3.10 37.37 40.47 OK
r-devel-linux-x86_64-fedora-clang 0.0.2 83.25 NOTE
r-devel-linux-x86_64-fedora-gcc 0.0.2 93.91 NOTE
r-devel-macos-arm64 0.0.2 38.00 OK
r-devel-macos-x86_64 0.0.2 90.00 OK
r-devel-windows-x86_64 0.0.2 6.00 69.00 75.00 OK
r-patched-linux-x86_64 0.0.2 4.14 45.31 49.45 NOTE
r-release-linux-x86_64 0.0.2 2.79 45.31 48.10 NOTE
r-release-macos-arm64 0.0.2 36.00 NOTE
r-release-macos-x86_64 0.0.2 53.00 NOTE
r-release-windows-x86_64 0.0.2 5.00 71.00 76.00 NOTE
r-oldrel-macos-arm64 0.0.2 41.00 NOTE
r-oldrel-macos-x86_64 0.0.2 55.00 NOTE
r-oldrel-windows-x86_64 0.0.2 6.00 74.00 80.00 NOTE

Check Details

Version: 0.0.2
Check: dependencies in R code
Result: NOTE Namespace in Imports field not imported from: ‘R6’ All declared Imports should be used. Flavors: r-devel-linux-x86_64-fedora-clang, r-devel-linux-x86_64-fedora-gcc

Version: 0.0.2
Check: LazyData
Result: NOTE 'LazyData' is specified without a 'data' directory Flavors: r-patched-linux-x86_64, r-release-linux-x86_64, r-release-macos-arm64, r-release-macos-x86_64, r-release-windows-x86_64, r-oldrel-macos-arm64, r-oldrel-macos-x86_64, r-oldrel-windows-x86_64