Last updated on 2025-04-29 01:49:38 CEST.
Flavor | Version | Tinstall | Tcheck | Ttotal | Status | Flags |
---|---|---|---|---|---|---|
r-devel-linux-x86_64-debian-clang | 0.10 | 4.10 | 50.51 | 54.61 | OK | |
r-devel-linux-x86_64-debian-gcc | 0.10 | 4.38 | 39.42 | 43.80 | NOTE | |
r-devel-linux-x86_64-fedora-clang | 0.10 | 84.88 | OK | |||
r-devel-linux-x86_64-fedora-gcc | 0.10 | 80.97 | OK | |||
r-devel-windows-x86_64 | 0.10 | 8.00 | 69.00 | 77.00 | OK | |
r-patched-linux-x86_64 | 0.10 | 4.89 | 52.31 | 57.20 | OK | |
r-release-linux-x86_64 | 0.10 | 4.28 | 51.55 | 55.83 | OK | |
r-release-macos-arm64 | 0.10 | 32.00 | OK | |||
r-release-macos-x86_64 | 0.10 | 56.00 | OK | |||
r-release-windows-x86_64 | 0.10 | 7.00 | 70.00 | 77.00 | OK | |
r-oldrel-macos-arm64 | 0.10 | 27.00 | OK | |||
r-oldrel-macos-x86_64 | 0.10 | 47.00 | OK | |||
r-oldrel-windows-x86_64 | 0.10 | 9.00 | 85.00 | 94.00 | OK |
Version: 0.10
Check: examples
Result: NOTE
Examples with CPU (user + system) or elapsed time > 5s
user system elapsed
gg_diagnose 4.137 0.351 5.556
Flavor: r-devel-linux-x86_64-debian-gcc