Last updated on 2025-05-19 01:49:57 CEST.
Flavor | Version | Tinstall | Tcheck | Ttotal | Status | Flags |
---|---|---|---|---|---|---|
r-devel-linux-x86_64-debian-clang | 0.51 | 7.07 | 126.95 | 134.02 | NOTE | |
r-devel-linux-x86_64-debian-gcc | 0.51 | 5.08 | 84.35 | 89.43 | NOTE | |
r-devel-linux-x86_64-fedora-clang | 0.51 | 225.50 | OK | |||
r-devel-linux-x86_64-fedora-gcc | 0.51 | 229.17 | OK | |||
r-devel-windows-x86_64 | 0.51 | 8.00 | 158.00 | 166.00 | OK | |
r-patched-linux-x86_64 | 0.51 | 7.01 | 122.18 | 129.19 | OK | |
r-release-linux-x86_64 | 0.51 | 7.35 | 121.73 | 129.08 | OK | |
r-release-macos-arm64 | 0.51 | 76.00 | OK | |||
r-release-macos-x86_64 | 0.51 | 140.00 | OK | |||
r-release-windows-x86_64 | 0.51 | 9.00 | 145.00 | 154.00 | OK | |
r-oldrel-macos-arm64 | 0.51 | 61.00 | OK | |||
r-oldrel-macos-x86_64 | 0.51 | 150.00 | OK | |||
r-oldrel-windows-x86_64 | 0.51 | 11.00 | 176.00 | 187.00 | OK |
Version: 0.51
Check: CRAN incoming feasibility
Result: NOTE
Maintainer: ‘Ruggero Bellio <ruggero.bellio@uniud.it>’
No Authors@R field in DESCRIPTION.
Please add one, modifying
Authors@R: c(person(given = "Ruggero",
family = "Bellio",
role = c("aut", "cre"),
email = "ruggero.bellio@uniud.it"),
person(given = "Donald",
family = "Pierce",
role = "aut"))
as necessary.
Flavors: r-devel-linux-x86_64-debian-clang, r-devel-linux-x86_64-debian-gcc