Last updated on 2025-05-19 01:49:57 CEST.
Flavor | Version | Tinstall | Tcheck | Ttotal | Status | Flags |
---|---|---|---|---|---|---|
r-devel-linux-x86_64-debian-clang | 0.1.35 | 208.26 | 36.53 | 244.79 | OK | |
r-devel-linux-x86_64-debian-gcc | 0.1.35 | 159.30 | 28.75 | 188.05 | OK | |
r-devel-linux-x86_64-fedora-clang | 0.1.35 | 461.78 | OK | |||
r-devel-linux-x86_64-fedora-gcc | 0.1.35 | 508.37 | OK | |||
r-devel-windows-x86_64 | 0.1.35 | 471.00 | 105.00 | 576.00 | OK | |
r-patched-linux-x86_64 | 0.1.35 | 209.01 | 35.42 | 244.43 | OK | |
r-release-linux-x86_64 | 0.1.35 | 212.28 | 35.57 | 247.85 | OK | |
r-release-macos-arm64 | 0.1.35 | 124.00 | OK | |||
r-release-macos-x86_64 | 0.1.35 | 163.00 | OK | |||
r-release-windows-x86_64 | 0.1.35 | 463.00 | 112.00 | 575.00 | OK | |
r-oldrel-macos-arm64 | 0.1.35 | 129.00 | NOTE | |||
r-oldrel-macos-x86_64 | 0.1.35 | 163.00 | NOTE | |||
r-oldrel-windows-x86_64 | 0.1.35 | 503.00 | 115.00 | 618.00 | NOTE |
Version: 0.1.35
Check: installed package size
Result: NOTE
installed size is 16.1Mb
sub-directories of 1Mb or more:
libs 15.7Mb
Flavors: r-oldrel-macos-arm64, r-oldrel-macos-x86_64, r-oldrel-windows-x86_64