Last updated on 2024-07-13 12:48:19 CEST.
Flavor | Version | Tinstall | Tcheck | Ttotal | Status | Flags |
---|---|---|---|---|---|---|
r-devel-linux-x86_64-debian-clang | 1.0.1 | 4.46 | 106.43 | 110.89 | OK | |
r-devel-linux-x86_64-debian-gcc | 1.0.1 | 4.03 | 81.37 | 85.40 | OK | |
r-devel-linux-x86_64-fedora-clang | 1.0.1 | 138.90 | NOTE | |||
r-devel-linux-x86_64-fedora-gcc | 1.0.1 | 145.97 | NOTE | |||
r-devel-windows-x86_64 | 1.0.1 | 6.00 | 100.00 | 106.00 | OK | |
r-patched-linux-x86_64 | 1.0.1 | 4.32 | 101.16 | 105.48 | OK | |
r-release-linux-x86_64 | 1.0.1 | 3.36 | 100.89 | 104.25 | OK | |
r-release-macos-arm64 | 1.0.1 | 57.00 | OK | |||
r-release-macos-x86_64 | 1.0.1 | 81.00 | OK | |||
r-release-windows-x86_64 | 1.0.1 | 5.00 | 101.00 | 106.00 | OK | |
r-oldrel-macos-arm64 | 1.0.1 | 68.00 | OK | |||
r-oldrel-macos-x86_64 | 1.0.1 | 91.00 | OK | |||
r-oldrel-windows-x86_64 | 1.0.1 | 8.00 | 115.00 | 123.00 | OK |
Version: 1.0.1
Check: data for non-ASCII characters
Result: NOTE
Note: found 1 marked UTF-8 string
Flavors: r-devel-linux-x86_64-fedora-clang, r-devel-linux-x86_64-fedora-gcc