Last updated on 2025-04-29 01:49:37 CEST.
Flavor | Version | Tinstall | Tcheck | Ttotal | Status | Flags |
---|---|---|---|---|---|---|
r-devel-linux-x86_64-debian-clang | 0.0.3 | 29.42 | 257.15 | 286.57 | OK | |
r-devel-linux-x86_64-debian-gcc | 0.0.3 | 18.47 | 161.77 | 180.24 | NOTE | |
r-devel-linux-x86_64-fedora-clang | 0.0.3 | 443.84 | OK | |||
r-devel-linux-x86_64-fedora-gcc | 0.0.3 | 426.00 | OK | |||
r-devel-windows-x86_64 | 0.0.3 | 25.00 | 194.00 | 219.00 | OK | |
r-patched-linux-x86_64 | 0.0.3 | 26.11 | 242.61 | 268.72 | OK | |
r-release-linux-x86_64 | 0.0.3 | 26.57 | 239.95 | 266.52 | OK | |
r-release-macos-arm64 | 0.0.3 | 95.00 | OK | |||
r-release-macos-x86_64 | 0.0.3 | 159.00 | OK | |||
r-release-windows-x86_64 | 0.0.3 | 26.00 | 200.00 | 226.00 | OK | |
r-oldrel-macos-arm64 | 0.0.3 | 102.00 | OK | |||
r-oldrel-macos-x86_64 | 0.0.3 | 224.00 | OK | |||
r-oldrel-windows-x86_64 | 0.0.3 | 36.00 | 279.00 | 315.00 | OK |
Version: 0.0.3
Check: examples
Result: NOTE
Examples with CPU (user + system) or elapsed time > 5s
user system elapsed
tilt_map 4.062 0.088 5.155
Flavor: r-devel-linux-x86_64-debian-gcc