Last updated on 2025-07-20 01:49:32 CEST.
Flavor | Version | Tinstall | Tcheck | Ttotal | Status | Flags |
---|---|---|---|---|---|---|
r-devel-linux-x86_64-debian-clang | 1.2 | 18.79 | 134.54 | 153.33 | NOTE | |
r-devel-linux-x86_64-debian-gcc | 1.2 | 11.53 | 94.63 | 106.16 | NOTE | |
r-devel-linux-x86_64-fedora-clang | 1.2 | 225.57 | OK | |||
r-devel-linux-x86_64-fedora-gcc | 1.2 | 211.20 | OK | |||
r-devel-windows-x86_64 | 1.2 | 19.00 | 124.00 | 143.00 | OK | |
r-patched-linux-x86_64 | 1.2 | 15.61 | 124.91 | 140.52 | OK | |
r-release-linux-x86_64 | 1.2 | 16.57 | 123.98 | 140.55 | OK | |
r-release-macos-arm64 | 1.2 | 60.00 | OK | |||
r-release-macos-x86_64 | 1.2 | 112.00 | OK | |||
r-release-windows-x86_64 | 1.2 | 18.00 | 125.00 | 143.00 | OK | |
r-oldrel-macos-arm64 | 1.2 | 61.00 | NOTE | |||
r-oldrel-macos-x86_64 | 1.2 | 87.00 | NOTE | |||
r-oldrel-windows-x86_64 | 1.2 | 26.00 | 159.00 | 185.00 | NOTE |
Version: 1.2
Check: CRAN incoming feasibility
Result: NOTE
Maintainer: ‘W. Kyle Hamilton <kyle.hamilton@gmail.com>’
No Authors@R field in DESCRIPTION.
Please add one, modifying
Authors@R: person(given = c("W.", "Kyle"),
family = "Hamilton",
role = c("aut", "cre"),
email = "kyle.hamilton@gmail.com")
as necessary.
Flavors: r-devel-linux-x86_64-debian-clang, r-devel-linux-x86_64-debian-gcc
Version: 1.2
Check: LazyData
Result: NOTE
'LazyData' is specified without a 'data' directory
Flavors: r-oldrel-macos-arm64, r-oldrel-macos-x86_64, r-oldrel-windows-x86_64