CRAN Package Check Results for Package latexpdf

Last updated on 2025-04-29 13:51:28 CEST.

Flavor Version Tinstall Tcheck Ttotal Status Flags
r-devel-linux-x86_64-debian-clang 0.1.8 2.55 27.17 29.72 NOTE
r-devel-linux-x86_64-debian-gcc 0.1.8 1.61 21.78 23.39 NOTE
r-devel-linux-x86_64-fedora-clang 0.1.8 47.07 OK
r-devel-linux-x86_64-fedora-gcc 0.1.8 58.88 OK
r-devel-windows-x86_64 0.1.8 3.00 61.00 64.00 OK
r-patched-linux-x86_64 0.1.8 2.70 25.96 28.66 OK
r-release-linux-x86_64 0.1.8 2.58 26.03 28.61 OK
r-release-macos-arm64 0.1.8 25.00 OK
r-release-macos-x86_64 0.1.8 45.00 OK
r-release-windows-x86_64 0.1.8 6.00 64.00 70.00 OK
r-oldrel-macos-arm64 0.1.8 22.00 OK
r-oldrel-macos-x86_64 0.1.8 39.00 OK
r-oldrel-windows-x86_64 0.1.8 3.00 59.00 62.00 OK

Check Details

Version: 0.1.8
Check: CRAN incoming feasibility
Result: NOTE Maintainer: ‘Tim Bergsma <bergsmat@gmail.com>’ No Authors@R field in DESCRIPTION. Please add one, modifying Authors@R: person(given = "Tim", family = "Bergsma", role = c("aut", "cre"), email = "bergsmat@gmail.com") as necessary. Flavors: r-devel-linux-x86_64-debian-clang, r-devel-linux-x86_64-debian-gcc