Last updated on 2025-05-19 01:49:57 CEST.
Flavor | Version | Tinstall | Tcheck | Ttotal | Status | Flags |
---|---|---|---|---|---|---|
r-devel-linux-x86_64-debian-clang | 0.3.1 | 89.62 | 69.36 | 158.98 | OK | |
r-devel-linux-x86_64-debian-gcc | 0.3.1 | 62.84 | 42.77 | 105.61 | OK | |
r-devel-linux-x86_64-fedora-clang | 0.3.1 | 238.69 | OK | |||
r-devel-linux-x86_64-fedora-gcc | 0.3.1 | 278.99 | OK | |||
r-devel-windows-x86_64 | 0.3.1 | 74.00 | 114.00 | 188.00 | OK | |
r-patched-linux-x86_64 | 0.3.1 | 87.20 | 62.98 | 150.18 | OK | |
r-release-linux-x86_64 | 0.3.1 | 82.05 | 63.00 | 145.05 | OK | |
r-release-macos-arm64 | 0.3.1 | 63.00 | OK | |||
r-release-macos-x86_64 | 0.3.1 | 140.00 | OK | |||
r-release-windows-x86_64 | 0.3.1 | 71.00 | 115.00 | 186.00 | OK | |
r-oldrel-macos-arm64 | 0.3.1 | 62.00 | NOTE | |||
r-oldrel-macos-x86_64 | 0.3.1 | 98.00 | NOTE | |||
r-oldrel-windows-x86_64 | 0.3.1 | 93.00 | 127.00 | 220.00 | OK |
Version: 0.3.1
Check: installed package size
Result: NOTE
installed size is 8.4Mb
sub-directories of 1Mb or more:
libs 8.2Mb
Flavors: r-oldrel-macos-arm64, r-oldrel-macos-x86_64