Last updated on 2025-05-19 01:49:57 CEST.
Flavor | Version | Tinstall | Tcheck | Ttotal | Status | Flags |
---|---|---|---|---|---|---|
r-devel-linux-x86_64-debian-clang | 1.1 | 18.63 | 145.48 | 164.11 | NOTE | |
r-devel-linux-x86_64-debian-gcc | 1.1 | 12.17 | 106.83 | 119.00 | NOTE | |
r-devel-linux-x86_64-fedora-clang | 1.1 | 259.62 | OK | |||
r-devel-linux-x86_64-fedora-gcc | 1.1 | 244.94 | OK | |||
r-devel-windows-x86_64 | 1.1 | 21.00 | 151.00 | 172.00 | OK | |
r-patched-linux-x86_64 | 1.1 | 17.50 | 135.01 | 152.51 | OK | |
r-release-linux-x86_64 | 1.1 | 18.94 | 135.80 | 154.74 | OK | |
r-release-macos-arm64 | 1.1 | 68.00 | OK | |||
r-release-macos-x86_64 | 1.1 | 101.00 | OK | |||
r-release-windows-x86_64 | 1.1 | 23.00 | 136.00 | 159.00 | OK | |
r-oldrel-macos-arm64 | 1.1 | 55.00 | OK | |||
r-oldrel-macos-x86_64 | 1.1 | 77.00 | OK | |||
r-oldrel-windows-x86_64 | 1.1 | 27.00 | 178.00 | 205.00 | OK |
Version: 1.1
Check: CRAN incoming feasibility
Result: NOTE
Maintainer: ‘Giancarlo Vercellino <giancarlo.vercellino@gmail.com>’
No Authors@R field in DESCRIPTION.
Please add one, modifying
Authors@R: person(given = "Giancarlo",
family = "Vercellino",
role = c("aut", "cre"),
email = "giancarlo.vercellino@gmail.com")
as necessary.
Flavors: r-devel-linux-x86_64-debian-clang, r-devel-linux-x86_64-debian-gcc